84.222.95.195 - - [20/Jun/2005:10:11:39 +0200] "GET /icons/blank.gif HTTP/1.1" 200 148 "http://washington.comites-it.org/" "Mozilla/4.0 (compatible; MSIE 6.0; Windows NT 5.1; SV1; .NET CLR 1.1.4322)"
84.222.95.195 - - [20/Jun/2005:10:11:39 +0200] "GET /icons/back.gif HTTP/1.1" 200 216 "http://washington.comites-it.org/" "Mozilla/4.0 (compatible; MSIE 6.0; Windows NT 5.1; SV1; .NET CLR 1.1.4322)"
84.222.95.195 - - [20/Jun/2005:10:11:40 +0200] "GET /icons/folder.gif HTTP/1.1" 200 225 "http://washington.comites-it.org/" "Mozilla/4.0 (compatible; MSIE 6.0; Windows NT 5.1; SV1; .NET CLR 1.1.4322)"
207.46.98.140 - - [20/Jun/2005:20:59:29 +0200] "GET /robots.txt HTTP/1.0" 404 286 "-" "msnbot/1.0 (+http://search.msn.com/msnbot.htm)"
207.46.98.140 - - [20/Jun/2005:20:59:29 +0200] "GET / HTTP/1.0" 200 648 "-" "msnbot/1.0 (+http://search.msn.com/msnbot.htm)"
66.249.64.66 - - [20/Jun/2005:23:05:43 +0200] "GET /robots.txt HTTP/1.0" 404 286 "-" "Googlebot/2.1 (+http://www.google.com/bot.html)"
66.249.64.66 - - [20/Jun/2005:23:05:43 +0200] "GET /logs/ HTTP/1.0" 200 780 "-" "Googlebot/2.1 (+http://www.google.com/bot.html)"
66.249.64.30 - - [20/Jun/2005:23:24:27 +0200] "GET /logs/error_log HTTP/1.0" 200 27418 "-" "Googlebot/2.1 (+http://www.google.com/bot.html)"
66.249.71.18 - - [21/Jun/2005:01:02:50 +0200] "GET / HTTP/1.0" 200 648 "-" "Googlebot/2.1 (+http://www.google.com/bot.html)"
66.249.64.30 - - [21/Jun/2005:01:29:13 +0200] "GET /logs/access_log HTTP/1.0" 200 101271 "-" "Googlebot/2.1 (+http://www.google.com/bot.html)"
207.46.98.140 - - [21/Jun/2005:04:37:10 +0200] "GET /robots.txt HTTP/1.0" 404 286 "-" "msnbot/1.0 (+http://search.msn.com/msnbot.htm)"
207.46.98.140 - - [21/Jun/2005:04:37:10 +0200] "GET / HTTP/1.0" 200 648 "-" "msnbot/1.0 (+http://search.msn.com/msnbot.htm)"
66.249.71.15 - - [21/Jun/2005:09:04:06 +0200] "GET /robots.txt HTTP/1.0" 404 286 "-" "Googlebot/2.1 (+http://www.google.com/bot.html)"
66.249.71.15 - - [21/Jun/2005:09:04:07 +0200] "GET / HTTP/1.0" 200 648 "-" "Googlebot/2.1 (+http://www.google.com/bot.html)"
207.46.98.140 - - [21/Jun/2005:14:50:23 +0200] "GET /robots.txt HTTP/1.0" 404 286 "-" "msnbot/1.0 (+http://search.msn.com/msnbot.htm)"
207.46.98.140 - - [21/Jun/2005:14:50:24 +0200] "GET / HTTP/1.0" 200 648 "-" "msnbot/1.0 (+http://search.msn.com/msnbot.htm)"
207.46.98.140 - - [21/Jun/2005:20:35:23 +0200] "GET /robots.txt HTTP/1.0" 404 286 "-" "msnbot/1.0 (+http://search.msn.com/msnbot.htm)"
207.46.98.140 - - [21/Jun/2005:20:35:24 +0200] "GET / HTTP/1.0" 200 648 "-" "msnbot/1.0 (+http://search.msn.com/msnbot.htm)"
66.249.64.36 - - [22/Jun/2005:05:08:26 +0200] "GET / HTTP/1.0" 200 648 "-" "Googlebot/2.1 (+http://www.google.com/bot.html)"
207.46.98.140 - - [22/Jun/2005:07:52:20 +0200] "GET /robots.txt HTTP/1.0" 404 286 "-" "msnbot/1.0 (+http://search.msn.com/msnbot.htm)"
207.46.98.140 - - [22/Jun/2005:07:52:20 +0200] "GET / HTTP/1.0" 200 648 "-" "msnbot/1.0 (+http://search.msn.com/msnbot.htm)"
207.46.98.140 - - [22/Jun/2005:14:26:40 +0200] "GET /robots.txt HTTP/1.0" 404 286 "-" "msnbot/1.0 (+http://search.msn.com/msnbot.htm)"
207.46.98.140 - - [22/Jun/2005:14:26:40 +0200] "GET / HTTP/1.0" 200 648 "-" "msnbot/1.0 (+http://search.msn.com/msnbot.htm)"
207.46.98.140 - - [22/Jun/2005:21:01:31 +0200] "GET /robots.txt HTTP/1.0" 404 286 "-" "msnbot/1.0 (+http://search.msn.com/msnbot.htm)"
207.46.98.140 - - [22/Jun/2005:21:01:31 +0200] "GET / HTTP/1.0" 200 648 "-" "msnbot/1.0 (+http://search.msn.com/msnbot.htm)"
207.46.98.140 - - [23/Jun/2005:03:57:03 +0200] "GET /robots.txt HTTP/1.0" 404 286 "-" "msnbot/1.0 (+http://search.msn.com/msnbot.htm)"
207.46.98.140 - - [23/Jun/2005:03:57:03 +0200] "GET / HTTP/1.0" 200 648 "-" "msnbot/1.0 (+http://search.msn.com/msnbot.htm)"
66.249.71.1 - - [23/Jun/2005:04:49:15 +0200] "GET /robots.txt HTTP/1.0" 404 286 "-" "Googlebot/2.1 (+http://www.google.com/bot.html)"
66.249.71.1 - - [23/Jun/2005:04:49:15 +0200] "GET / HTTP/1.0" 200 648 "-" "Googlebot/2.1 (+http://www.google.com/bot.html)"
207.46.98.140 - - [23/Jun/2005:13:09:20 +0200] "GET /robots.txt HTTP/1.0" 404 286 "-" "msnbot/1.0 (+http://search.msn.com/msnbot.htm)"
207.46.98.140 - - [23/Jun/2005:13:09:20 +0200] "GET / HTTP/1.0" 200 648 "-" "msnbot/1.0 (+http://search.msn.com/msnbot.htm)"
66.249.64.44 - - [24/Jun/2005:05:47:38 +0200] "GET /robots.txt HTTP/1.0" 404 286 "-" "Googlebot/2.1 (+http://www.google.com/bot.html)"
66.249.64.44 - - [24/Jun/2005:05:47:38 +0200] "GET / HTTP/1.0" 200 648 "-" "Googlebot/2.1 (+http://www.google.com/bot.html)"
207.46.98.140 - - [24/Jun/2005:08:23:37 +0200] "GET /robots.txt HTTP/1.0" 404 286 "-" "msnbot/1.0 (+http://search.msn.com/msnbot.htm)"
207.46.98.140 - - [24/Jun/2005:08:23:37 +0200] "GET / HTTP/1.0" 200 648 "-" "msnbot/1.0 (+http://search.msn.com/msnbot.htm)"
66.249.64.10 - - [25/Jun/2005:05:35:55 +0200] "GET /robots.txt HTTP/1.0" 404 286 "-" "Googlebot/2.1 (+http://www.google.com/bot.html)"
66.249.64.10 - - [25/Jun/2005:05:35:55 +0200] "GET / HTTP/1.0" 200 648 "-" "Googlebot/2.1 (+http://www.google.com/bot.html)"
66.249.64.77 - - [26/Jun/2005:05:47:36 +0200] "GET / HTTP/1.0" 200 648 "-" "Googlebot/2.1 (+http://www.google.com/bot.html)"
66.249.64.14 - - [27/Jun/2005:05:11:42 +0200] "GET /robots.txt HTTP/1.0" 404 286 "-" "Googlebot/2.1 (+http://www.google.com/bot.html)"
66.249.64.14 - - [27/Jun/2005:05:11:42 +0200] "GET / HTTP/1.0" 200 648 "-" "Googlebot/2.1 (+http://www.google.com/bot.html)"
82.56.22.25 - - [27/Jun/2005:20:48:28 +0200] "GET / HTTP/1.1" 200 660 "http://www.comites-it.org/" "Mozilla/4.0 (compatible; MSIE 6.0; Windows NT 5.1; alice01; SV1)"
82.56.22.25 - - [27/Jun/2005:20:48:29 +0200] "GET /icons/blank.gif HTTP/1.1" 200 148 "http://washington.comites-it.org/" "Mozilla/4.0 (compatible; MSIE 6.0; Windows NT 5.1; alice01; SV1)"
82.56.22.25 - - [27/Jun/2005:20:48:29 +0200] "GET /icons/folder.gif HTTP/1.1" 200 225 "http://washington.comites-it.org/" "Mozilla/4.0 (compatible; MSIE 6.0; Windows NT 5.1; alice01; SV1)"
82.56.22.25 - - [27/Jun/2005:20:48:29 +0200] "GET /icons/back.gif HTTP/1.1" 200 216 "http://washington.comites-it.org/" "Mozilla/4.0 (compatible; MSIE 6.0; Windows NT 5.1; alice01; SV1)"
82.107.76.108 - - [28/Jun/2005:11:30:34 +0200] "GET / HTTP/1.1" 200 660 "http://www.comites-it.org/" "Mozilla/4.0 (compatible; MSIE 6.0; Windows NT 5.1; SV1)"
82.107.76.108 - - [28/Jun/2005:11:30:34 +0200] "GET /icons/blank.gif HTTP/1.1" 200 148 "http://washington.comites-it.org/" "Mozilla/4.0 (compatible; MSIE 6.0; Windows NT 5.1; SV1)"
82.107.76.108 - - [28/Jun/2005:11:30:34 +0200] "GET /icons/folder.gif HTTP/1.1" 200 225 "http://washington.comites-it.org/" "Mozilla/4.0 (compatible; MSIE 6.0; Windows NT 5.1; SV1)"
82.107.76.108 - - [28/Jun/2005:11:30:34 +0200] "GET /icons/back.gif HTTP/1.1" 200 216 "http://washington.comites-it.org/" "Mozilla/4.0 (compatible; MSIE 6.0; Windows NT 5.1; SV1)"
82.107.76.108 - - [28/Jun/2005:11:30:36 +0200] "GET / HTTP/1.1" 200 660 "http://washington.comites-it.org/" "Mozilla/4.0 (compatible; MSIE 6.0; Windows NT 5.1; SV1)"
82.107.76.108 - - [28/Jun/2005:11:30:42 +0200] "GET /logs/ HTTP/1.1" 200 792 "http://washington.comites-it.org/" "Mozilla/4.0 (compatible; MSIE 6.0; Windows NT 5.1; SV1)"
82.107.76.108 - - [28/Jun/2005:11:30:42 +0200] "GET /icons/unknown.gif HTTP/1.1" 200 245 "http://washington.comites-it.org/logs/" "Mozilla/4.0 (compatible; MSIE 6.0; Windows NT 5.1; SV1)"
82.107.76.108 - - [28/Jun/2005:11:30:47 +0200] "GET /logs/access_log HTTP/1.1" 200 107259 "http://washington.comites-it.org/logs/" "Mozilla/4.0 (compatible; MSIE 6.0; Windows NT 5.1; SV1)"
82.107.76.108 - - [28/Jun/2005:11:32:29 +0200] "GET / HTTP/1.1" 200 660 "http://www.comites-it.org/" "Mozilla/4.0 (compatible; MSIE 6.0; Windows NT 5.1; SV1)"
82.107.76.108 - - [28/Jun/2005:11:34:05 +0200] "GET / HTTP/1.1" 200 660 "http://www.comites-it.org/" "Mozilla/4.0 (compatible; MSIE 6.0; Windows NT 5.1; SV1)"
213.156.52.110 - - [28/Jun/2005:20:14:47 +0200] "GET / HTTP/1.1" 200 660 "http://www.comites-it.org/" "Mozilla/4.0 (compatible; MSIE 6.0; Windows NT 5.1; SV1)"
213.156.52.110 - - [28/Jun/2005:20:14:48 +0200] "GET /icons/blank.gif HTTP/1.1" 200 148 "http://washington.comites-it.org/" "Mozilla/4.0 (compatible; MSIE 6.0; Windows NT 5.1; SV1)"
213.156.52.110 - - [28/Jun/2005:20:14:48 +0200] "GET /icons/back.gif HTTP/1.1" 200 216 "http://washington.comites-it.org/" "Mozilla/4.0 (compatible; MSIE 6.0; Windows NT 5.1; SV1)"
213.156.52.110 - - [28/Jun/2005:20:14:48 +0200] "GET /icons/folder.gif HTTP/1.1" 200 225 "http://washington.comites-it.org/" "Mozilla/4.0 (compatible; MSIE 6.0; Windows NT 5.1; SV1)"
213.156.52.110 - - [28/Jun/2005:20:14:50 +0200] "GET /logs/ HTTP/1.1" 200 792 "http://washington.comites-it.org/" "Mozilla/4.0 (compatible; MSIE 6.0; Windows NT 5.1; SV1)"
213.156.52.110 - - [28/Jun/2005:20:14:51 +0200] "GET /icons/unknown.gif HTTP/1.1" 200 245 "http://washington.comites-it.org/logs/" "Mozilla/4.0 (compatible; MSIE 6.0; Windows NT 5.1; SV1)"
213.156.52.110 - - [28/Jun/2005:20:14:53 +0200] "GET /logs/access_log HTTP/1.1" 200 108833 "http://washington.comites-it.org/logs/" "Mozilla/4.0 (compatible; MSIE 6.0; Windows NT 5.1; SV1)"
207.46.98.140 - - [30/Jun/2005:20:54:10 +0200] "GET /robots.txt HTTP/1.0" 404 286 "-" "msnbot/1.0 (+http://search.msn.com/msnbot.htm)"
207.46.98.140 - - [30/Jun/2005:20:54:10 +0200] "GET / HTTP/1.0" 200 648 "-" "msnbot/1.0 (+http://search.msn.com/msnbot.htm)"
207.46.98.140 - - [01/Jul/2005:03:02:48 +0200] "GET /robots.txt HTTP/1.0" 404 286 "-" "msnbot/1.0 (+http://search.msn.com/msnbot.htm)"
207.46.98.140 - - [01/Jul/2005:03:02:48 +0200] "GET / HTTP/1.0" 200 648 "-" "msnbot/1.0 (+http://search.msn.com/msnbot.htm)"
207.46.98.140 - - [01/Jul/2005:08:55:37 +0200] "GET /robots.txt HTTP/1.0" 404 286 "-" "msnbot/1.0 (+http://search.msn.com/msnbot.htm)"
207.46.98.140 - - [01/Jul/2005:08:55:37 +0200] "GET / HTTP/1.0" 200 648 "-" "msnbot/1.0 (+http://search.msn.com/msnbot.htm)"
207.46.98.140 - - [01/Jul/2005:13:51:22 +0200] "GET /robots.txt HTTP/1.0" 404 286 "-" "msnbot/1.0 (+http://search.msn.com/msnbot.htm)"
207.46.98.140 - - [01/Jul/2005:13:51:22 +0200] "GET / HTTP/1.0" 200 648 "-" "msnbot/1.0 (+http://search.msn.com/msnbot.htm)"
207.46.98.140 - - [01/Jul/2005:16:50:14 +0200] "GET /robots.txt HTTP/1.0" 404 286 "-" "msnbot/1.0 (+http://search.msn.com/msnbot.htm)"
207.46.98.140 - - [01/Jul/2005:16:50:14 +0200] "GET / HTTP/1.0" 200 648 "-" "msnbot/1.0 (+http://search.msn.com/msnbot.htm)"
207.46.98.140 - - [01/Jul/2005:19:11:15 +0200] "GET /robots.txt HTTP/1.0" 404 286 "-" "msnbot/1.0 (+http://search.msn.com/msnbot.htm)"
207.46.98.140 - - [01/Jul/2005:19:11:15 +0200] "GET / HTTP/1.0" 200 648 "-" "msnbot/1.0 (+http://search.msn.com/msnbot.htm)"
65.125.13.10 - - [02/Jul/2005:00:19:47 +0200] "GET / HTTP/1.1" 200 660 "http://www.comites-it.org/" "Mozilla/4.0 (compatible; MSIE 6.0; Windows NT 5.0)"
65.125.13.10 - - [02/Jul/2005:00:19:47 +0200] "GET /icons/back.gif HTTP/1.1" 200 216 "http://washington.comites-it.org/" "Mozilla/4.0 (compatible; MSIE 6.0; Windows NT 5.0)"
65.125.13.10 - - [02/Jul/2005:00:19:47 +0200] "GET /icons/folder.gif HTTP/1.1" 200 225 "http://washington.comites-it.org/" "Mozilla/4.0 (compatible; MSIE 6.0; Windows NT 5.0)"
65.125.13.10 - - [02/Jul/2005:00:19:47 +0200] "GET /icons/blank.gif HTTP/1.1" 200 148 "http://washington.comites-it.org/" "Mozilla/4.0 (compatible; MSIE 6.0; Windows NT 5.0)"
66.249.64.30 - - [02/Jul/2005:09:26:49 +0200] "GET /robots.txt HTTP/1.0" 404 286 "-" "Googlebot/2.1 (+http://www.google.com/bot.html)"
66.249.64.30 - - [02/Jul/2005:09:26:49 +0200] "GET /logs/ HTTP/1.0" 200 780 "-" "Googlebot/2.1 (+http://www.google.com/bot.html)"
66.249.71.28 - - [02/Jul/2005:09:42:19 +0200] "GET /logs/error_log HTTP/1.0" 200 30225 "-" "Googlebot/2.1 (+http://www.google.com/bot.html)"
66.249.64.18 - - [02/Jul/2005:10:41:00 +0200] "GET / HTTP/1.0" 200 648 "-" "Googlebot/2.1 (+http://www.google.com/bot.html)"
66.249.71.39 - - [02/Jul/2005:12:30:47 +0200] "GET /logs/access_log HTTP/1.0" 200 111792 "-" "Googlebot/2.1 (+http://www.google.com/bot.html)"
207.46.98.140 - - [02/Jul/2005:20:14:40 +0200] "GET /robots.txt HTTP/1.0" 404 286 "-" "msnbot/1.0 (+http://search.msn.com/msnbot.htm)"
207.46.98.140 - - [02/Jul/2005:20:14:40 +0200] "GET / HTTP/1.0" 200 648 "-" "msnbot/1.0 (+http://search.msn.com/msnbot.htm)"
207.46.98.140 - - [03/Jul/2005:01:13:09 +0200] "GET /robots.txt HTTP/1.0" 404 286 "-" "msnbot/1.0 (+http://search.msn.com/msnbot.htm)"
207.46.98.140 - - [03/Jul/2005:01:13:09 +0200] "GET / HTTP/1.0" 200 648 "-" "msnbot/1.0 (+http://search.msn.com/msnbot.htm)"
207.46.98.140 - - [03/Jul/2005:06:44:55 +0200] "GET /robots.txt HTTP/1.0" 404 286 "-" "msnbot/1.0 (+http://search.msn.com/msnbot.htm)"
207.46.98.140 - - [03/Jul/2005:06:44:55 +0200] "GET / HTTP/1.0" 200 648 "-" "msnbot/1.0 (+http://search.msn.com/msnbot.htm)"
207.46.98.140 - - [03/Jul/2005:12:37:43 +0200] "GET /robots.txt HTTP/1.0" 404 286 "-" "msnbot/1.0 (+http://search.msn.com/msnbot.htm)"
207.46.98.140 - - [03/Jul/2005:12:37:44 +0200] "GET / HTTP/1.0" 200 648 "-" "msnbot/1.0 (+http://search.msn.com/msnbot.htm)"
207.46.98.140 - - [03/Jul/2005:17:46:58 +0200] "GET /robots.txt HTTP/1.0" 404 286 "-" "msnbot/1.0 (+http://search.msn.com/msnbot.htm)"
207.46.98.140 - - [03/Jul/2005:17:46:59 +0200] "GET / HTTP/1.0" 200 648 "-" "msnbot/1.0 (+http://search.msn.com/msnbot.htm)"
80.87.82.87 - - [04/Jul/2005:20:19:33 +0200] "GET / HTTP/1.1" 200 660 "http://www.comites-it.org/" "Mozilla/4.0 (compatible; MSIE 6.0; Windows NT 5.1; {75AC2BFC-162B-44F7-4323-DC0E0CC7827A})"
80.87.82.87 - - [04/Jul/2005:20:25:37 +0200] "GET /?N=D HTTP/1.1" 200 660 "http://washington.comites-it.org/" "Mozilla/4.0 (compatible; MSIE 6.0; Windows NT 5.1; {75AC2BFC-162B-44F7-4323-DC0E0CC7827A})"
80.87.82.87 - - [04/Jul/2005:20:25:37 +0200] "GET /?M=A HTTP/1.1" 200 660 "http://washington.comites-it.org/" "Mozilla/4.0 (compatible; MSIE 6.0; Windows NT 5.1; {75AC2BFC-162B-44F7-4323-DC0E0CC7827A})"
80.87.82.87 - - [04/Jul/2005:20:25:38 +0200] "GET /?S=A HTTP/1.1" 200 660 "http://washington.comites-it.org/" "Mozilla/4.0 (compatible; MSIE 6.0; Windows NT 5.1; {75AC2BFC-162B-44F7-4323-DC0E0CC7827A})"
80.87.82.87 - - [04/Jul/2005:20:25:38 +0200] "GET /?D=A HTTP/1.1" 200 660 "http://washington.comites-it.org/" "Mozilla/4.0 (compatible; MSIE 6.0; Windows NT 5.1; {75AC2BFC-162B-44F7-4323-DC0E0CC7827A})"
80.87.82.87 - - [04/Jul/2005:20:25:38 +0200] "GET /logs/ HTTP/1.1" 200 792 "http://washington.comites-it.org/" "Mozilla/4.0 (compatible; MSIE 6.0; Windows NT 5.1; {75AC2BFC-162B-44F7-4323-DC0E0CC7827A})"
207.46.98.140 - - [04/Jul/2005:22:34:15 +0200] "GET /robots.txt HTTP/1.0" 404 286 "-" "msnbot/1.0 (+http://search.msn.com/msnbot.htm)"
207.46.98.140 - - [04/Jul/2005:22:34:15 +0200] "GET / HTTP/1.0" 200 648 "-" "msnbot/1.0 (+http://search.msn.com/msnbot.htm)"
207.46.98.140 - - [05/Jul/2005:03:16:47 +0200] "GET /robots.txt HTTP/1.0" 404 286 "-" "msnbot/1.0 (+http://search.msn.com/msnbot.htm)"
207.46.98.140 - - [05/Jul/2005:03:16:47 +0200] "GET / HTTP/1.0" 200 648 "-" "msnbot/1.0 (+http://search.msn.com/msnbot.htm)"
207.46.98.140 - - [05/Jul/2005:07:27:16 +0200] "GET / HTTP/1.0" 200 648 "-" "msnbot/1.0 (+http://search.msn.com/msnbot.htm)"
207.46.98.140 - - [05/Jul/2005:12:05:41 +0200] "GET /robots.txt HTTP/1.0" 404 286 "-" "msnbot/1.0 (+http://search.msn.com/msnbot.htm)"
207.46.98.140 - - [05/Jul/2005:12:05:41 +0200] "GET / HTTP/1.0" 200 648 "-" "msnbot/1.0 (+http://search.msn.com/msnbot.htm)"
207.46.98.140 - - [05/Jul/2005:17:02:37 +0200] "GET /robots.txt HTTP/1.0" 404 286 "-" "msnbot/1.0 (+http://search.msn.com/msnbot.htm)"
207.46.98.140 - - [05/Jul/2005:17:02:38 +0200] "GET / HTTP/1.0" 200 648 "-" "msnbot/1.0 (+http://search.msn.com/msnbot.htm)"
207.46.98.140 - - [06/Jul/2005:03:40:44 +0200] "GET /robots.txt HTTP/1.0" 404 286 "-" "msnbot/1.0 (+http://search.msn.com/msnbot.htm)"
207.46.98.140 - - [06/Jul/2005:03:40:44 +0200] "GET / HTTP/1.0" 200 648 "-" "msnbot/1.0 (+http://search.msn.com/msnbot.htm)"
207.46.98.140 - - [06/Jul/2005:08:25:37 +0200] "GET /robots.txt HTTP/1.0" 404 286 "-" "msnbot/1.0 (+http://search.msn.com/msnbot.htm)"
207.46.98.140 - - [06/Jul/2005:08:25:37 +0200] "GET / HTTP/1.0" 200 648 "-" "msnbot/1.0 (+http://search.msn.com/msnbot.htm)"
207.46.98.140 - - [06/Jul/2005:12:30:42 +0200] "GET /robots.txt HTTP/1.0" 404 286 "-" "msnbot/1.0 (+http://search.msn.com/msnbot.htm)"
207.46.98.140 - - [06/Jul/2005:12:30:42 +0200] "GET / HTTP/1.0" 200 648 "-" "msnbot/1.0 (+http://search.msn.com/msnbot.htm)"
207.46.98.140 - - [06/Jul/2005:17:48:12 +0200] "GET /robots.txt HTTP/1.0" 404 286 "-" "msnbot/1.0 (+http://search.msn.com/msnbot.htm)"
207.46.98.140 - - [06/Jul/2005:17:48:12 +0200] "GET / HTTP/1.0" 200 648 "-" "msnbot/1.0 (+http://search.msn.com/msnbot.htm)"
69.140.78.3 - - [06/Jul/2005:18:50:05 +0200] "GET / HTTP/1.1" 200 660 "http://www.comites-it.org/" "Mozilla/4.0 (compatible; MSIE 6.0; Windows NT 5.1; SV1)"
69.140.78.3 - - [06/Jul/2005:18:50:05 +0200] "GET /icons/blank.gif HTTP/1.1" 200 148 "http://washington.comites-it.org/" "Mozilla/4.0 (compatible; MSIE 6.0; Windows NT 5.1; SV1)"
69.140.78.3 - - [06/Jul/2005:18:50:05 +0200] "GET /icons/folder.gif HTTP/1.1" 200 225 "http://washington.comites-it.org/" "Mozilla/4.0 (compatible; MSIE 6.0; Windows NT 5.1; SV1)"
69.140.78.3 - - [06/Jul/2005:18:50:05 +0200] "GET /icons/back.gif HTTP/1.1" 200 216 "http://washington.comites-it.org/" "Mozilla/4.0 (compatible; MSIE 6.0; Windows NT 5.1; SV1)"
207.46.98.140 - - [06/Jul/2005:22:43:01 +0200] "GET /robots.txt HTTP/1.0" 404 286 "-" "msnbot/1.0 (+http://search.msn.com/msnbot.htm)"
207.46.98.140 - - [06/Jul/2005:22:43:01 +0200] "GET / HTTP/1.0" 200 648 "-" "msnbot/1.0 (+http://search.msn.com/msnbot.htm)"
207.46.98.140 - - [07/Jul/2005:00:38:30 +0200] "GET /robots.txt HTTP/1.0" 404 286 "-" "msnbot/1.0 (+http://search.msn.com/msnbot.htm)"
207.46.98.140 - - [07/Jul/2005:00:38:31 +0200] "GET / HTTP/1.0" 200 648 "-" "msnbot/1.0 (+http://search.msn.com/msnbot.htm)"
207.46.98.140 - - [07/Jul/2005:05:36:17 +0200] "GET /robots.txt HTTP/1.0" 404 286 "-" "msnbot/1.0 (+http://search.msn.com/msnbot.htm)"
207.46.98.140 - - [07/Jul/2005:05:36:17 +0200] "GET / HTTP/1.0" 200 648 "-" "msnbot/1.0 (+http://search.msn.com/msnbot.htm)"
207.46.98.140 - - [07/Jul/2005:09:11:51 +0200] "GET / HTTP/1.0" 200 648 "-" "msnbot/1.0 (+http://search.msn.com/msnbot.htm)"
207.46.98.140 - - [07/Jul/2005:14:08:34 +0200] "GET /robots.txt HTTP/1.0" 404 286 "-" "msnbot/1.0 (+http://search.msn.com/msnbot.htm)"
207.46.98.140 - - [07/Jul/2005:14:08:35 +0200] "GET / HTTP/1.0" 200 648 "-" "msnbot/1.0 (+http://search.msn.com/msnbot.htm)"
64.242.88.50 - - [11/Jul/2005:00:09:06 +0200] "GET /robots.txt HTTP/1.1" 404 298 "-" "Mozilla/4.0 compatible ZyBorg/1.0 Dead Link Checker (wn.dlc@looksmart.net; http://www.WISEnutbot.com)"
207.46.98.140 - - [11/Jul/2005:05:54:49 +0200] "GET /robots.txt HTTP/1.0" 404 286 "-" "msnbot/1.0 (+http://search.msn.com/msnbot.htm)"
207.46.98.140 - - [11/Jul/2005:05:54:49 +0200] "GET / HTTP/1.0" 200 648 "-" "msnbot/1.0 (+http://search.msn.com/msnbot.htm)"
207.46.98.140 - - [11/Jul/2005:11:11:38 +0200] "GET /robots.txt HTTP/1.0" 404 286 "-" "msnbot/1.0 (+http://search.msn.com/msnbot.htm)"
207.46.98.140 - - [11/Jul/2005:11:11:38 +0200] "GET / HTTP/1.0" 200 648 "-" "msnbot/1.0 (+http://search.msn.com/msnbot.htm)"
207.46.98.140 - - [11/Jul/2005:16:21:59 +0200] "GET /robots.txt HTTP/1.0" 404 286 "-" "msnbot/1.0 (+http://search.msn.com/msnbot.htm)"
207.46.98.140 - - [11/Jul/2005:16:21:59 +0200] "GET / HTTP/1.0" 200 648 "-" "msnbot/1.0 (+http://search.msn.com/msnbot.htm)"
141.20.35.71 - - [11/Jul/2005:17:57:25 +0200] "GET /robots.txt HTTP/1.0" 404 286 "-" "NutchCVS/0.06-dev (Nutch; http://www.nutch.org/docs/en/bot.html; nutch-agent@lists.sourceforge.net)"
141.20.35.71 - - [11/Jul/2005:17:57:25 +0200] "GET / HTTP/1.0" 200 648 "-" "NutchCVS/0.06-dev (Nutch; http://www.nutch.org/docs/en/bot.html; nutch-agent@lists.sourceforge.net)"
207.46.98.140 - - [11/Jul/2005:21:18:49 +0200] "GET /robots.txt HTTP/1.0" 404 286 "-" "msnbot/1.0 (+http://search.msn.com/msnbot.htm)"
207.46.98.140 - - [11/Jul/2005:21:18:50 +0200] "GET / HTTP/1.0" 200 648 "-" "msnbot/1.0 (+http://search.msn.com/msnbot.htm)"
207.46.98.140 - - [12/Jul/2005:02:37:45 +0200] "GET /robots.txt HTTP/1.0" 404 286 "-" "msnbot/1.0 (+http://search.msn.com/msnbot.htm)"
207.46.98.140 - - [12/Jul/2005:02:37:45 +0200] "GET / HTTP/1.0" 200 648 "-" "msnbot/1.0 (+http://search.msn.com/msnbot.htm)"
82.90.127.105 - - [12/Jul/2005:19:38:09 +0200] "GET / HTTP/1.1" 200 660 "http://www.comites-it.org/" "Mozilla/4.0 (compatible; MSIE 6.0; Windows NT 5.1; fccrt1.0; SV1; .NET CLR 1.1.4322)"
82.90.127.105 - - [12/Jul/2005:19:38:09 +0200] "GET /icons/back.gif HTTP/1.1" 200 216 "http://washington.comites-it.org/" "Mozilla/4.0 (compatible; MSIE 6.0; Windows NT 5.1; fccrt1.0; SV1; .NET CLR 1.1.4322)"
82.90.127.105 - - [12/Jul/2005:19:38:09 +0200] "GET /icons/blank.gif HTTP/1.1" 200 148 "http://washington.comites-it.org/" "Mozilla/4.0 (compatible; MSIE 6.0; Windows NT 5.1; fccrt1.0; SV1; .NET CLR 1.1.4322)"
82.90.127.105 - - [12/Jul/2005:19:38:09 +0200] "GET /icons/folder.gif HTTP/1.1" 200 225 "http://washington.comites-it.org/" "Mozilla/4.0 (compatible; MSIE 6.0; Windows NT 5.1; fccrt1.0; SV1; .NET CLR 1.1.4322)"
207.46.98.140 - - [12/Jul/2005:22:19:28 +0200] "GET /robots.txt HTTP/1.0" 404 286 "-" "msnbot/1.0 (+http://search.msn.com/msnbot.htm)"
207.46.98.140 - - [12/Jul/2005:22:19:29 +0200] "GET / HTTP/1.0" 200 648 "-" "msnbot/1.0 (+http://search.msn.com/msnbot.htm)"
207.46.98.140 - - [13/Jul/2005:03:40:50 +0200] "GET /robots.txt HTTP/1.0" 404 286 "-" "msnbot/1.0 (+http://search.msn.com/msnbot.htm)"
207.46.98.140 - - [13/Jul/2005:03:40:50 +0200] "GET / HTTP/1.0" 200 648 "-" "msnbot/1.0 (+http://search.msn.com/msnbot.htm)"
200.82.10.112 - - [13/Jul/2005:04:27:23 +0200] "GET / HTTP/1.1" 200 660 "http://louisiana.comites-it.org/comites.htm" "Mozilla/4.0 (compatible; MSIE 6.0; Windows NT 5.1)"
200.82.10.112 - - [13/Jul/2005:04:27:23 +0200] "GET /icons/blank.gif HTTP/1.1" 200 148 "http://washington.comites-it.org/" "Mozilla/4.0 (compatible; MSIE 6.0; Windows NT 5.1)"
200.82.10.112 - - [13/Jul/2005:04:27:24 +0200] "GET /icons/folder.gif HTTP/1.1" 200 225 "http://washington.comites-it.org/" "Mozilla/4.0 (compatible; MSIE 6.0; Windows NT 5.1)"
200.82.10.112 - - [13/Jul/2005:04:27:24 +0200] "GET /icons/back.gif HTTP/1.1" 200 216 "http://washington.comites-it.org/" "Mozilla/4.0 (compatible; MSIE 6.0; Windows NT 5.1)"
207.46.98.140 - - [13/Jul/2005:08:45:50 +0200] "GET /robots.txt HTTP/1.0" 404 286 "-" "msnbot/1.0 (+http://search.msn.com/msnbot.htm)"
207.46.98.140 - - [13/Jul/2005:08:45:50 +0200] "GET / HTTP/1.0" 200 648 "-" "msnbot/1.0 (+http://search.msn.com/msnbot.htm)"
207.46.98.140 - - [13/Jul/2005:13:33:12 +0200] "GET /robots.txt HTTP/1.0" 404 286 "-" "msnbot/1.0 (+http://search.msn.com/msnbot.htm)"
207.46.98.140 - - [13/Jul/2005:13:33:13 +0200] "GET / HTTP/1.0" 200 648 "-" "msnbot/1.0 (+http://search.msn.com/msnbot.htm)"
66.249.64.18 - - [13/Jul/2005:18:21:59 +0200] "GET /robots.txt HTTP/1.0" 404 286 "-" "Googlebot/2.1 (+http://www.google.com/bot.html)"
66.249.64.18 - - [13/Jul/2005:18:22:00 +0200] "GET /logs/access_log HTTP/1.0" 200 123052 "-" "Googlebot/2.1 (+http://www.google.com/bot.html)"
66.249.71.40 - - [13/Jul/2005:18:54:01 +0200] "GET /logs/ HTTP/1.0" 200 780 "-" "Googlebot/2.1 (+http://www.google.com/bot.html)"
207.46.98.140 - - [13/Jul/2005:18:58:09 +0200] "GET /robots.txt HTTP/1.0" 404 286 "-" "msnbot/1.0 (+http://search.msn.com/msnbot.htm)"
207.46.98.140 - - [13/Jul/2005:18:58:09 +0200] "GET / HTTP/1.0" 200 648 "-" "msnbot/1.0 (+http://search.msn.com/msnbot.htm)"
66.249.71.40 - - [13/Jul/2005:18:59:48 +0200] "GET /logs/error_log HTTP/1.0" 200 34242 "-" "Googlebot/2.1 (+http://www.google.com/bot.html)"
66.249.71.39 - - [13/Jul/2005:19:23:13 +0200] "GET / HTTP/1.0" 200 648 "-" "Googlebot/2.1 (+http://www.google.com/bot.html)"
207.46.98.140 - - [14/Jul/2005:15:27:37 +0200] "GET /robots.txt HTTP/1.0" 404 286 "-" "msnbot/1.0 (+http://search.msn.com/msnbot.htm)"
207.46.98.140 - - [14/Jul/2005:15:27:37 +0200] "GET / HTTP/1.0" 200 648 "-" "msnbot/1.0 (+http://search.msn.com/msnbot.htm)"
207.46.98.140 - - [14/Jul/2005:20:23:18 +0200] "GET /robots.txt HTTP/1.0" 404 286 "-" "msnbot/1.0 (+http://search.msn.com/msnbot.htm)"
207.46.98.140 - - [14/Jul/2005:20:23:19 +0200] "GET / HTTP/1.0" 200 648 "-" "msnbot/1.0 (+http://search.msn.com/msnbot.htm)"
82.55.164.145 - - [14/Jul/2005:22:01:20 +0200] "GET / HTTP/1.1" 200 660 "http://www.comites-it.org/news.htm" "Mozilla/4.0 (compatible; MSIE 5.0; Windows 98; DigExt; (R1 1.5))"
82.55.164.145 - - [14/Jul/2005:22:01:20 +0200] "GET /icons/blank.gif HTTP/1.1" 200 148 "http://washington.comites-it.org/" "Mozilla/4.0 (compatible; MSIE 5.0; Windows 98; DigExt; (R1 1.5))"
82.55.164.145 - - [14/Jul/2005:22:01:20 +0200] "GET /icons/back.gif HTTP/1.1" 200 216 "http://washington.comites-it.org/" "Mozilla/4.0 (compatible; MSIE 5.0; Windows 98; DigExt; (R1 1.5))"
82.55.164.145 - - [14/Jul/2005:22:01:21 +0200] "GET /icons/folder.gif HTTP/1.1" 200 225 "http://washington.comites-it.org/" "Mozilla/4.0 (compatible; MSIE 5.0; Windows 98; DigExt; (R1 1.5))"
82.55.164.145 - - [14/Jul/2005:22:01:23 +0200] "GET /logs/ HTTP/1.1" 200 792 "http://washington.comites-it.org/" "Mozilla/4.0 (compatible; MSIE 5.0; Windows 98; DigExt; (R1 1.5))"
82.55.164.145 - - [14/Jul/2005:22:01:24 +0200] "GET /icons/unknown.gif HTTP/1.1" 200 245 "http://washington.comites-it.org/logs/" "Mozilla/4.0 (compatible; MSIE 5.0; Windows 98; DigExt; (R1 1.5))"
82.55.164.145 - - [14/Jul/2005:22:01:29 +0200] "GET /logs/access_log HTTP/1.1" 200 125494 "http://washington.comites-it.org/logs/" "Mozilla/4.0 (compatible; MSIE 5.0; Windows 98; DigExt; (R1 1.5))"
64.242.88.50 - - [14/Jul/2005:22:51:52 +0200] "GET /robots.txt HTTP/1.1" 404 298 "-" "Mozilla/4.0 compatible ZyBorg/1.0 Dead Link Checker (wn.dlc@looksmart.net; http://www.WISEnutbot.com)"
207.46.98.140 - - [15/Jul/2005:02:06:42 +0200] "GET /robots.txt HTTP/1.0" 404 286 "-" "msnbot/1.0 (+http://search.msn.com/msnbot.htm)"
207.46.98.140 - - [15/Jul/2005:02:06:42 +0200] "GET / HTTP/1.0" 200 648 "-" "msnbot/1.0 (+http://search.msn.com/msnbot.htm)"
207.46.98.140 - - [15/Jul/2005:07:42:44 +0200] "GET /robots.txt HTTP/1.0" 404 286 "-" "msnbot/1.0 (+http://search.msn.com/msnbot.htm)"
207.46.98.140 - - [15/Jul/2005:07:42:44 +0200] "GET / HTTP/1.0" 200 648 "-" "msnbot/1.0 (+http://search.msn.com/msnbot.htm)"
207.46.98.140 - - [15/Jul/2005:13:15:24 +0200] "GET /robots.txt HTTP/1.0" 404 286 "-" "msnbot/1.0 (+http://search.msn.com/msnbot.htm)"
207.46.98.140 - - [15/Jul/2005:13:15:24 +0200] "GET / HTTP/1.0" 200 648 "-" "msnbot/1.0 (+http://search.msn.com/msnbot.htm)"
217.212.224.141 - - [15/Jul/2005:17:12:20 +0200] "GET /robots.txt HTTP/1.0" 404 286 "-" "psbot/0.1 (+http://www.picsearch.com/bot.html)"
217.212.224.147 - - [15/Jul/2005:17:12:21 +0200] "GET / HTTP/1.0" 200 648 "-" "psbot/0.1 (+http://www.picsearch.com/bot.html)"
217.212.224.143 - - [15/Jul/2005:17:26:32 +0200] "GET /logs/ HTTP/1.0" 200 780 "-" "psbot/0.1 (+http://www.picsearch.com/bot.html)"
217.212.224.147 - - [15/Jul/2005:17:37:34 +0200] "GET /logs/access_log HTTP/1.0" 200 127057 "-" "psbot/0.1 (+http://www.picsearch.com/bot.html)"
217.212.224.144 - - [15/Jul/2005:17:41:31 +0200] "GET /logs/error_log HTTP/1.0" 200 35181 "-" "psbot/0.1 (+http://www.picsearch.com/bot.html)"
195.190.185.31 - - [16/Jul/2005:00:17:07 +0200] "GET /robots.txt HTTP/1.1" 404 298 "-" "Mozilla/4.0 (compatible; MSIE 6.0; Windows NT 5.1; .NET CLR 1.0.3705; .NET CLR 1.1.4322; MSIECrawler)"
64.242.88.50 - - [16/Jul/2005:01:32:18 +0200] "GET /?S=A HTTP/1.1" 200 660 "-" "Mozilla/4.0 compatible ZyBorg/1.0 Dead Link Checker (wn.dlc@looksmart.net; http://www.WISEnutbot.com)"
207.46.98.141 - - [16/Jul/2005:04:35:23 +0200] "GET /robots.txt HTTP/1.0" 404 286 "-" "msnbot/1.0 (+http://search.msn.com/msnbot.htm)"
207.46.98.141 - - [16/Jul/2005:04:35:23 +0200] "GET / HTTP/1.0" 200 648 "-" "msnbot/1.0 (+http://search.msn.com/msnbot.htm)"
64.242.88.50 - - [16/Jul/2005:08:42:15 +0200] "GET / HTTP/1.1" 200 660 "-" "Mozilla/4.0 compatible ZyBorg/1.0 Dead Link Checker (wn.dlc@looksmart.net; http://www.WISEnutbot.com)"
207.46.98.141 - - [16/Jul/2005:10:53:22 +0200] "GET /robots.txt HTTP/1.0" 404 286 "-" "msnbot/1.0 (+http://search.msn.com/msnbot.htm)"
207.46.98.141 - - [16/Jul/2005:10:53:23 +0200] "GET / HTTP/1.0" 200 648 "-" "msnbot/1.0 (+http://search.msn.com/msnbot.htm)"
64.242.88.50 - - [16/Jul/2005:14:47:15 +0200] "GET /logs/ HTTP/1.1" 200 792 "-" "Mozilla/4.0 compatible ZyBorg/1.0 Dead Link Checker (wn.dlc@looksmart.net; http://www.WISEnutbot.com)"
200.11.242.129 - - [16/Jul/2005:16:10:49 +0200] "GET / HTTP/1.1" 200 660 "http://www.comites-it.org/" "Mozilla/4.0 (compatible; MSIE 6.0; Windows NT 5.1; SV1)"
200.11.242.129 - - [16/Jul/2005:16:10:49 +0200] "GET /icons/blank.gif HTTP/1.1" 200 148 "http://washington.comites-it.org/" "Mozilla/4.0 (compatible; MSIE 6.0; Windows NT 5.1; SV1)"
200.11.242.129 - - [16/Jul/2005:16:10:49 +0200] "GET /icons/folder.gif HTTP/1.1" 200 225 "http://washington.comites-it.org/" "Mozilla/4.0 (compatible; MSIE 6.0; Windows NT 5.1; SV1)"
200.11.242.129 - - [16/Jul/2005:16:10:49 +0200] "GET /icons/back.gif HTTP/1.1" 200 216 "http://washington.comites-it.org/" "Mozilla/4.0 (compatible; MSIE 6.0; Windows NT 5.1; SV1)"
200.11.242.129 - - [16/Jul/2005:16:12:31 +0200] "GET / HTTP/1.1" 200 660 "http://www.comites-it.org/" "Mozilla/4.0 (compatible; MSIE 6.0; Windows NT 5.1; SV1)"
207.46.98.141 - - [16/Jul/2005:16:26:01 +0200] "GET /robots.txt HTTP/1.0" 404 286 "-" "msnbot/1.0 (+http://search.msn.com/msnbot.htm)"
207.46.98.141 - - [16/Jul/2005:16:26:02 +0200] "GET / HTTP/1.0" 200 648 "-" "msnbot/1.0 (+http://search.msn.com/msnbot.htm)"
64.242.88.50 - - [16/Jul/2005:18:04:19 +0200] "GET /?N=D HTTP/1.1" 200 660 "-" "Mozilla/4.0 compatible ZyBorg/1.0 Dead Link Checker (wn.dlc@looksmart.net; http://www.WISEnutbot.com)"
207.46.98.141 - - [16/Jul/2005:21:15:49 +0200] "GET /robots.txt HTTP/1.0" 404 286 "-" "msnbot/1.0 (+http://search.msn.com/msnbot.htm)"
207.46.98.141 - - [16/Jul/2005:21:15:49 +0200] "GET / HTTP/1.0" 200 648 "-" "msnbot/1.0 (+http://search.msn.com/msnbot.htm)"
207.46.98.141 - - [17/Jul/2005:02:10:22 +0200] "GET /robots.txt HTTP/1.0" 404 286 "-" "msnbot/1.0 (+http://search.msn.com/msnbot.htm)"
207.46.98.141 - - [17/Jul/2005:02:10:22 +0200] "GET / HTTP/1.0" 200 648 "-" "msnbot/1.0 (+http://search.msn.com/msnbot.htm)"
207.46.98.141 - - [17/Jul/2005:07:26:58 +0200] "GET / HTTP/1.0" 200 648 "-" "msnbot/1.0 (+http://search.msn.com/msnbot.htm)"
64.242.88.50 - - [17/Jul/2005:07:35:28 +0200] "GET /?M=A HTTP/1.1" 200 660 "-" "Mozilla/4.0 compatible ZyBorg/1.0 Dead Link Checker (wn.dlc@looksmart.net; http://www.WISEnutbot.com)"
207.46.98.141 - - [17/Jul/2005:13:04:27 +0200] "GET /