207.46.98.140 - - [17/May/2005:16:26:00 +0200] "GET / HTTP/1.0" 200 648 "-" "msnbot/1.0 (+http://search.msn.com/msnbot.htm)"
207.46.98.140 - - [17/May/2005:21:55:58 +0200] "GET /robots.txt HTTP/1.0" 404 286 "-" "msnbot/1.0 (+http://search.msn.com/msnbot.htm)"
207.46.98.140 - - [17/May/2005:21:55:58 +0200] "GET / HTTP/1.0" 200 648 "-" "msnbot/1.0 (+http://search.msn.com/msnbot.htm)"
207.46.98.141 - - [18/May/2005:05:48:13 +0200] "GET /robots.txt HTTP/1.0" 404 286 "-" "msnbot/1.0 (+http://search.msn.com/msnbot.htm)"
207.46.98.141 - - [18/May/2005:05:48:13 +0200] "GET / HTTP/1.0" 200 648 "-" "msnbot/1.0 (+http://search.msn.com/msnbot.htm)"
207.46.98.140 - - [18/May/2005:23:48:24 +0200] "GET /robots.txt HTTP/1.0" 404 286 "-" "msnbot/1.0 (+http://search.msn.com/msnbot.htm)"
207.46.98.140 - - [18/May/2005:23:48:24 +0200] "GET / HTTP/1.0" 200 648 "-" "msnbot/1.0 (+http://search.msn.com/msnbot.htm)"
207.46.98.140 - - [19/May/2005:04:16:31 +0200] "GET / HTTP/1.0" 200 648 "-" "msnbot/1.0 (+http://search.msn.com/msnbot.htm)"
66.249.71.40 - - [19/May/2005:06:36:24 +0200] "GET /robots.txt HTTP/1.0" 404 286 "-" "Googlebot/2.1 (+http://www.google.com/bot.html)"
66.249.71.40 - - [19/May/2005:06:36:24 +0200] "GET / HTTP/1.0" 200 648 "-" "Googlebot/2.1 (+http://www.google.com/bot.html)"
66.249.64.58 - - [19/May/2005:06:45:02 +0200] "GET /logs/error_log HTTP/1.0" 200 13643 "-" "Googlebot/2.1 (+http://www.google.com/bot.html)"
66.249.64.66 - - [19/May/2005:07:19:29 +0200] "GET /logs/ HTTP/1.0" 200 780 "-" "Googlebot/2.1 (+http://www.google.com/bot.html)"
66.249.71.29 - - [19/May/2005:08:15:16 +0200] "GET /logs/access_log HTTP/1.0" 200 51557 "-" "Googlebot/2.1 (+http://www.google.com/bot.html)"
207.46.98.140 - - [19/May/2005:08:15:19 +0200] "GET /robots.txt HTTP/1.0" 404 286 "-" "msnbot/1.0 (+http://search.msn.com/msnbot.htm)"
207.46.98.140 - - [19/May/2005:08:15:19 +0200] "GET / HTTP/1.0" 200 648 "-" "msnbot/1.0 (+http://search.msn.com/msnbot.htm)"
207.46.98.140 - - [19/May/2005:13:16:46 +0200] "GET /robots.txt HTTP/1.0" 404 286 "-" "msnbot/1.0 (+http://search.msn.com/msnbot.htm)"
207.46.98.140 - - [19/May/2005:13:16:46 +0200] "GET / HTTP/1.0" 200 648 "-" "msnbot/1.0 (+http://search.msn.com/msnbot.htm)"
65.125.13.10 - - [19/May/2005:17:33:12 +0200] "GET / HTTP/1.1" 200 660 "http://www.comites-it.org/" "Mozilla/4.0 (compatible; MSIE 6.0; Windows NT 5.1; SV1; .NET CLR 1.1.4322)"
65.125.13.10 - - [19/May/2005:17:33:13 +0200] "GET /icons/back.gif HTTP/1.1" 200 216 "http://washington.comites-it.org/" "Mozilla/4.0 (compatible; MSIE 6.0; Windows NT 5.1; SV1; .NET CLR 1.1.4322)"
65.125.13.10 - - [19/May/2005:17:33:13 +0200] "GET /icons/blank.gif HTTP/1.1" 200 148 "http://washington.comites-it.org/" "Mozilla/4.0 (compatible; MSIE 6.0; Windows NT 5.1; SV1; .NET CLR 1.1.4322)"
65.125.13.10 - - [19/May/2005:17:33:13 +0200] "GET /icons/folder.gif HTTP/1.1" 200 225 "http://washington.comites-it.org/" "Mozilla/4.0 (compatible; MSIE 6.0; Windows NT 5.1; SV1; .NET CLR 1.1.4322)"
65.125.13.10 - - [19/May/2005:17:33:34 +0200] "GET /logs/ HTTP/1.1" 200 792 "http://washington.comites-it.org/" "Mozilla/4.0 (compatible; MSIE 6.0; Windows NT 5.1; SV1; .NET CLR 1.1.4322)"
65.125.13.10 - - [19/May/2005:17:33:35 +0200] "GET /icons/unknown.gif HTTP/1.1" 200 245 "http://washington.comites-it.org/logs/" "Mozilla/4.0 (compatible; MSIE 6.0; Windows NT 5.1; SV1; .NET CLR 1.1.4322)"
207.46.98.140 - - [19/May/2005:18:55:10 +0200] "GET /robots.txt HTTP/1.0" 404 286 "-" "msnbot/1.0 (+http://search.msn.com/msnbot.htm)"
207.46.98.140 - - [19/May/2005:18:55:10 +0200] "GET / HTTP/1.0" 200 648 "-" "msnbot/1.0 (+http://search.msn.com/msnbot.htm)"
207.46.98.140 - - [19/May/2005:23:29:07 +0200] "GET / HTTP/1.0" 200 648 "-" "msnbot/1.0 (+http://search.msn.com/msnbot.htm)"
80.117.207.1 - - [20/May/2005:15:56:49 +0200] "GET / HTTP/1.1" 200 660 "-" "Mozilla/5.0 (Windows; U; Windows NT 5.1; it-IT; rv:1.7.8) Gecko/20050511 Firefox/1.0.4"
80.117.207.1 - - [20/May/2005:15:56:50 +0200] "GET /icons/blank.gif HTTP/1.1" 200 148 "-" "Mozilla/5.0 (Windows; U; Windows NT 5.1; it-IT; rv:1.7.8) Gecko/20050511 Firefox/1.0.4"
80.117.207.1 - - [20/May/2005:15:56:50 +0200] "GET /icons/back.gif HTTP/1.1" 200 216 "-" "Mozilla/5.0 (Windows; U; Windows NT 5.1; it-IT; rv:1.7.8) Gecko/20050511 Firefox/1.0.4"
80.117.207.1 - - [20/May/2005:15:56:50 +0200] "GET /icons/folder.gif HTTP/1.1" 200 225 "-" "Mozilla/5.0 (Windows; U; Windows NT 5.1; it-IT; rv:1.7.8) Gecko/20050511 Firefox/1.0.4"
80.117.207.1 - - [20/May/2005:15:56:51 +0200] "GET /favicon.ico HTTP/1.1" 404 299 "-" "Mozilla/5.0 (Windows; U; Windows NT 5.1; it-IT; rv:1.7.8) Gecko/20050511 Firefox/1.0.4"
64.242.88.10 - - [21/May/2005:19:56:25 +0200] "GET /robots.txt HTTP/1.1" 404 298 "-" "Mozilla/4.0 compatible ZyBorg/1.0 (wn-14.zyborg@looksmart.net; http://www.WISEnutbot.com)"
207.46.98.140 - - [23/May/2005:00:50:57 +0200] "GET /robots.txt HTTP/1.0" 404 286 "-" "msnbot/1.0 (+http://search.msn.com/msnbot.htm)"
207.46.98.140 - - [23/May/2005:00:50:58 +0200] "GET / HTTP/1.0" 200 648 "-" "msnbot/1.0 (+http://search.msn.com/msnbot.htm)"
207.46.98.140 - - [23/May/2005:06:23:40 +0200] "GET /robots.txt HTTP/1.0" 404 286 "-" "msnbot/1.0 (+http://search.msn.com/msnbot.htm)"
207.46.98.140 - - [23/May/2005:06:23:40 +0200] "GET / HTTP/1.0" 200 648 "-" "msnbot/1.0 (+http://search.msn.com/msnbot.htm)"
69.249.66.112 - - [23/May/2005:15:36:54 +0200] "GET / HTTP/1.0" 200 648 "http://www.comites-it.org/" "Mozilla/4.0 (compatible; MSIE 6.0; Windows NT 5.1; FunWebProducts; .NET CLR 1.0.3705)"
69.249.66.112 - - [23/May/2005:15:36:54 +0200] "GET /icons/back.gif HTTP/1.0" 200 216 "http://washington.comites-it.org/" "Mozilla/4.0 (compatible; MSIE 6.0; Windows NT 5.1; FunWebProducts; .NET CLR 1.0.3705)"
69.249.66.112 - - [23/May/2005:15:36:54 +0200] "GET /icons/blank.gif HTTP/1.0" 200 148 "http://washington.comites-it.org/" "Mozilla/4.0 (compatible; MSIE 6.0; Windows NT 5.1; FunWebProducts; .NET CLR 1.0.3705)"
69.249.66.112 - - [23/May/2005:15:36:54 +0200] "GET /icons/folder.gif HTTP/1.0" 200 225 "http://washington.comites-it.org/" "Mozilla/4.0 (compatible; MSIE 6.0; Windows NT 5.1; FunWebProducts; .NET CLR 1.0.3705)"
65.94.125.61 - - [24/May/2005:03:05:50 +0200] "GET / HTTP/1.1" 200 660 "http://www.comites-it.org/" "Mozilla/4.0 (compatible; MSIE 6.0; Windows NT 5.1; SV1)"
65.94.125.61 - - [24/May/2005:03:05:50 +0200] "GET /icons/blank.gif HTTP/1.1" 200 148 "http://washington.comites-it.org/" "Mozilla/4.0 (compatible; MSIE 6.0; Windows NT 5.1; SV1)"
65.94.125.61 - - [24/May/2005:03:05:51 +0200] "GET /icons/folder.gif HTTP/1.1" 200 225 "http://washington.comites-it.org/" "Mozilla/4.0 (compatible; MSIE 6.0; Windows NT 5.1; SV1)"
65.94.125.61 - - [24/May/2005:03:05:51 +0200] "GET /icons/back.gif HTTP/1.1" 200 216 "http://washington.comites-it.org/" "Mozilla/4.0 (compatible; MSIE 6.0; Windows NT 5.1; SV1)"
207.46.98.141 - - [24/May/2005:06:38:32 +0200] "GET /robots.txt HTTP/1.0" 404 286 "-" "msnbot/1.0 (+http://search.msn.com/msnbot.htm)"
207.46.98.141 - - [24/May/2005:06:38:32 +0200] "GET / HTTP/1.0" 200 648 "-" "msnbot/1.0 (+http://search.msn.com/msnbot.htm)"
207.46.98.141 - - [24/May/2005:11:27:13 +0200] "GET / HTTP/1.0" 200 648 "-" "msnbot/1.0 (+http://search.msn.com/msnbot.htm)"
81.74.100.225 - - [24/May/2005:12:16:15 +0200] "GET / HTTP/1.1" 200 660 "http://www.comites-it.org/" "Mozilla/4.0 (compatible; MSIE 6.0; Windows NT 5.1; SV1)"
81.74.100.225 - - [24/May/2005:12:16:15 +0200] "GET /icons/blank.gif HTTP/1.1" 200 148 "http://washington.comites-it.org/" "Mozilla/4.0 (compatible; MSIE 6.0; Windows NT 5.1; SV1)"
81.74.100.225 - - [24/May/2005:12:16:15 +0200] "GET /icons/folder.gif HTTP/1.1" 200 225 "http://washington.comites-it.org/" "Mozilla/4.0 (compatible; MSIE 6.0; Windows NT 5.1; SV1)"
81.74.100.225 - - [24/May/2005:12:16:15 +0200] "GET /icons/back.gif HTTP/1.1" 200 216 "http://washington.comites-it.org/" "Mozilla/4.0 (compatible; MSIE 6.0; Windows NT 5.1; SV1)"
81.74.100.225 - - [24/May/2005:12:19:10 +0200] "GET / HTTP/1.1" 200 660 "http://louisiana.comites-it.org/" "Mozilla/4.0 (compatible; MSIE 6.0; Windows NT 5.1; SV1)"
207.46.98.141 - - [24/May/2005:15:46:58 +0200] "GET /robots.txt HTTP/1.0" 404 286 "-" "msnbot/1.0 (+http://search.msn.com/msnbot.htm)"
207.46.98.141 - - [24/May/2005:15:46:58 +0200] "GET / HTTP/1.0" 200 648 "-" "msnbot/1.0 (+http://search.msn.com/msnbot.htm)"
207.46.98.141 - - [24/May/2005:20:19:39 +0200] "GET /robots.txt HTTP/1.0" 404 286 "-" "msnbot/1.0 (+http://search.msn.com/msnbot.htm)"
207.46.98.141 - - [24/May/2005:20:19:39 +0200] "GET / HTTP/1.0" 200 648 "-" "msnbot/1.0 (+http://search.msn.com/msnbot.htm)"
207.46.98.141 - - [25/May/2005:01:02:16 +0200] "GET /robots.txt HTTP/1.0" 404 286 "-" "msnbot/1.0 (+http://search.msn.com/msnbot.htm)"
207.46.98.141 - - [25/May/2005:01:02:16 +0200] "GET / HTTP/1.0" 200 648 "-" "msnbot/1.0 (+http://search.msn.com/msnbot.htm)"
64.242.88.10 - - [25/May/2005:02:08:49 +0200] "GET /?M=A HTTP/1.1" 200 660 "-" "Mozilla/4.0 compatible ZyBorg/1.0 (wn-14.zyborg@looksmart.net; http://www.WISEnutbot.com)"
64.242.88.10 - - [25/May/2005:02:38:56 +0200] "GET /?N=D HTTP/1.1" 200 660 "-" "Mozilla/4.0 compatible ZyBorg/1.0 (wn-14.zyborg@looksmart.net; http://www.WISEnutbot.com)"
207.46.98.141 - - [25/May/2005:05:36:58 +0200] "GET /robots.txt HTTP/1.0" 404 286 "-" "msnbot/1.0 (+http://search.msn.com/msnbot.htm)"
207.46.98.141 - - [25/May/2005:05:36:59 +0200] "GET / HTTP/1.0" 200 648 "-" "msnbot/1.0 (+http://search.msn.com/msnbot.htm)"
64.242.88.10 - - [25/May/2005:09:04:50 +0200] "GET /?D=A HTTP/1.1" 200 660 "-" "Mozilla/4.0 compatible ZyBorg/1.0 (wn-14.zyborg@looksmart.net; http://www.WISEnutbot.com)"
64.242.88.10 - - [25/May/2005:15:25:59 +0200] "GET /?S=A HTTP/1.1" 200 660 "-" "Mozilla/4.0 compatible ZyBorg/1.0 (wn-14.zyborg@looksmart.net; http://www.WISEnutbot.com)"
207.46.98.141 - - [25/May/2005:18:20:52 +0200] "GET /robots.txt HTTP/1.0" 404 286 "-" "msnbot/1.0 (+http://search.msn.com/msnbot.htm)"
207.46.98.141 - - [25/May/2005:18:20:52 +0200] "GET / HTTP/1.0" 200 648 "-" "msnbot/1.0 (+http://search.msn.com/msnbot.htm)"
64.242.88.10 - - [25/May/2005:21:23:28 +0200] "GET /logs/ HTTP/1.1" 200 792 "-" "Mozilla/4.0 compatible ZyBorg/1.0 (wn-14.zyborg@looksmart.net; http://www.WISEnutbot.com)"
207.46.98.141 - - [25/May/2005:23:02:47 +0200] "GET / HTTP/1.0" 200 648 "-" "msnbot/1.0 (+http://search.msn.com/msnbot.htm)"
207.46.98.141 - - [26/May/2005:03:41:04 +0200] "GET /robots.txt HTTP/1.0" 404 286 "-" "msnbot/1.0 (+http://search.msn.com/msnbot.htm)"
207.46.98.141 - - [26/May/2005:03:41:04 +0200] "GET / HTTP/1.0" 200 648 "-" "msnbot/1.0 (+http://search.msn.com/msnbot.htm)"
207.46.98.141 - - [26/May/2005:08:08:15 +0200] "GET /robots.txt HTTP/1.0" 404 286 "-" "msnbot/1.0 (+http://search.msn.com/msnbot.htm)"
207.46.98.141 - - [26/May/2005:08:08:15 +0200] "GET / HTTP/1.0" 200 648 "-" "msnbot/1.0 (+http://search.msn.com/msnbot.htm)"
207.46.98.141 - - [26/May/2005:12:26:05 +0200] "GET /robots.txt HTTP/1.0" 404 286 "-" "msnbot/1.0 (+http://search.msn.com/msnbot.htm)"
207.46.98.141 - - [26/May/2005:12:26:06 +0200] "GET / HTTP/1.0" 200 648 "-" "msnbot/1.0 (+http://search.msn.com/msnbot.htm)"
207.46.98.141 - - [26/May/2005:17:09:00 +0200] "GET / HTTP/1.0" 200 648 "-" "msnbot/1.0 (+http://search.msn.com/msnbot.htm)"
207.46.98.141 - - [26/May/2005:23:02:57 +0200] "GET /robots.txt HTTP/1.0" 404 286 "-" "msnbot/1.0 (+http://search.msn.com/msnbot.htm)"
207.46.98.141 - - [26/May/2005:23:02:57 +0200] "GET / HTTP/1.0" 200 648 "-" "msnbot/1.0 (+http://search.msn.com/msnbot.htm)"
207.46.98.141 - - [27/May/2005:03:44:19 +0200] "GET /robots.txt HTTP/1.0" 404 286 "-" "msnbot/1.0 (+http://search.msn.com/msnbot.htm)"
207.46.98.141 - - [27/May/2005:03:44:19 +0200] "GET / HTTP/1.0" 200 648 "-" "msnbot/1.0 (+http://search.msn.com/msnbot.htm)"
207.46.98.141 - - [27/May/2005:09:16:26 +0200] "GET /robots.txt HTTP/1.0" 404 286 "-" "msnbot/1.0 (+http://search.msn.com/msnbot.htm)"
207.46.98.141 - - [27/May/2005:09:16:26 +0200] "GET / HTTP/1.0" 200 648 "-" "msnbot/1.0 (+http://search.msn.com/msnbot.htm)"
207.46.98.141 - - [27/May/2005:13:57:34 +0200] "GET /robots.txt HTTP/1.0" 404 286 "-" "msnbot/1.0 (+http://search.msn.com/msnbot.htm)"
207.46.98.141 - - [27/May/2005:13:57:34 +0200] "GET / HTTP/1.0" 200 648 "-" "msnbot/1.0 (+http://search.msn.com/msnbot.htm)"
207.46.98.141 - - [27/May/2005:17:14:30 +0200] "GET /robots.txt HTTP/1.0" 404 286 "-" "msnbot/1.0 (+http://search.msn.com/msnbot.htm)"
207.46.98.141 - - [27/May/2005:17:14:31 +0200] "GET / HTTP/1.0" 200 648 "-" "msnbot/1.0 (+http://search.msn.com/msnbot.htm)"
207.46.98.141 - - [28/May/2005:00:05:09 +0200] "GET /robots.txt HTTP/1.0" 404 286 "-" "msnbot/1.0 (+http://search.msn.com/msnbot.htm)"
207.46.98.141 - - [28/May/2005:00:05:09 +0200] "GET / HTTP/1.0" 200 648 "-" "msnbot/1.0 (+http://search.msn.com/msnbot.htm)"
207.46.98.141 - - [28/May/2005:04:39:58 +0200] "GET /robots.txt HTTP/1.0" 404 286 "-" "msnbot/1.0 (+http://search.msn.com/msnbot.htm)"
207.46.98.141 - - [28/May/2005:04:39:58 +0200] "GET / HTTP/1.0" 200 648 "-" "msnbot/1.0 (+http://search.msn.com/msnbot.htm)"
207.46.98.141 - - [28/May/2005:06:36:21 +0200] "GET /robots.txt HTTP/1.0" 404 286 "-" "msnbot/1.0 (+http://search.msn.com/msnbot.htm)"
207.46.98.141 - - [28/May/2005:06:36:21 +0200] "GET / HTTP/1.0" 200 648 "-" "msnbot/1.0 (+http://search.msn.com/msnbot.htm)"
66.249.71.56 - - [28/May/2005:10:02:46 +0200] "GET /robots.txt HTTP/1.0" 404 286 "-" "Googlebot/2.1 (+http://www.google.com/bot.html)"
66.249.71.56 - - [28/May/2005:10:02:46 +0200] "GET / HTTP/1.0" 200 648 "-" "Googlebot/2.1 (+http://www.google.com/bot.html)"
207.46.98.141 - - [28/May/2005:11:44:34 +0200] "GET /robots.txt HTTP/1.0" 404 286 "-" "msnbot/1.0 (+http://search.msn.com/msnbot.htm)"
207.46.98.141 - - [28/May/2005:11:44:34 +0200] "GET / HTTP/1.0" 200 648 "-" "msnbot/1.0 (+http://search.msn.com/msnbot.htm)"
66.249.71.57 - - [29/May/2005:10:35:13 +0200] "GET /robots.txt HTTP/1.0" 404 286 "-" "Googlebot/2.1 (+http://www.google.com/bot.html)"
66.249.71.57 - - [29/May/2005:10:35:13 +0200] "GET / HTTP/1.0" 200 648 "-" "Googlebot/2.1 (+http://www.google.com/bot.html)"
66.249.65.211 - - [29/May/2005:12:43:13 +0200] "GET /robots.txt HTTP/1.1" 404 298 "-" "Mozilla/5.0 (compatible; Googlebot/2.1; +http://www.google.com/bot.html)"
66.249.65.211 - - [29/May/2005:12:43:13 +0200] "GET / HTTP/1.1" 200 660 "-" "Mozilla/5.0 (compatible; Googlebot/2.1; +http://www.google.com/bot.html)"
66.249.64.38 - - [29/May/2005:15:12:36 +0200] "GET /robots.txt HTTP/1.0" 404 286 "-" "Googlebot/2.1 (+http://www.google.com/bot.html)"
66.249.64.38 - - [29/May/2005:15:12:37 +0200] "GET /logs/ HTTP/1.0" 200 780 "-" "Googlebot/2.1 (+http://www.google.com/bot.html)"
66.249.64.58 - - [29/May/2005:15:17:50 +0200] "GET /logs/error_log HTTP/1.0" 200 17525 "-" "Googlebot/2.1 (+http://www.google.com/bot.html)"
66.249.71.40 - - [29/May/2005:15:23:27 +0200] "GET /logs/access_log HTTP/1.0" 200 64882 "-" "Googlebot/2.1 (+http://www.google.com/bot.html)"
66.249.71.32 - - [29/May/2005:16:15:21 +0200] "GET / HTTP/1.0" 200 648 "-" "Googlebot/2.1 (+http://www.google.com/bot.html)"
65.19.169.244 - - [30/May/2005:05:38:43 +0200] "GET / HTTP/1.1" 200 660 "" "OmniExplorer_Bot/1.07 (+http://www.omni-explorer.com) Internet Categorizer"
66.249.64.77 - - [30/May/2005:10:29:20 +0200] "GET /robots.txt HTTP/1.0" 404 286 "-" "Googlebot/2.1 (+http://www.google.com/bot.html)"
66.249.64.77 - - [30/May/2005:10:29:20 +0200] "GET / HTTP/1.0" 200 648 "-" "Googlebot/2.1 (+http://www.google.com/bot.html)"
210.173.179.70 - - [30/May/2005:12:07:06 +0200] "GET /robots.txt HTTP/1.1" 404 298 "-" "ichiro/1.0 (ichiro@nttr.co.jp)"
210.173.179.70 - - [30/May/2005:12:08:23 +0200] "GET / HTTP/1.1" 200 660 "-" "ichiro/1.0 (ichiro@nttr.co.jp)"
138.88.45.28 - - [30/May/2005:21:36:54 +0200] "GET / HTTP/1.1" 200 660 "http://www.comites-it.org/archivionews.htm" "Mozilla/4.0 (compatible; MSIE 6.0; Windows NT 5.1; SV1; .NET CLR 1.1.4322)"
138.88.45.28 - - [30/May/2005:21:36:54 +0200] "GET /icons/blank.gif HTTP/1.1" 200 148 "http://washington.comites-it.org/" "Mozilla/4.0 (compatible; MSIE 6.0; Windows NT 5.1; SV1; .NET CLR 1.1.4322)"
138.88.45.28 - - [30/May/2005:21:36:54 +0200] "GET /icons/folder.gif HTTP/1.1" 200 225 "http://washington.comites-it.org/" "Mozilla/4.0 (compatible; MSIE 6.0; Windows NT 5.1; SV1; .NET CLR 1.1.4322)"
138.88.45.28 - - [30/May/2005:21:36:54 +0200] "GET /icons/back.gif HTTP/1.1" 200 216 "http://washington.comites-it.org/" "Mozilla/4.0 (compatible; MSIE 6.0; Windows NT 5.1; SV1; .NET CLR 1.1.4322)"
138.88.45.28 - - [30/May/2005:21:36:57 +0200] "GET / HTTP/1.1" 200 660 "http://washington.comites-it.org/" "Mozilla/4.0 (compatible; MSIE 6.0; Windows NT 5.1; SV1; .NET CLR 1.1.4322)"
207.46.98.141 - - [30/May/2005:23:00:33 +0200] "GET /robots.txt HTTP/1.0" 404 286 "-" "msnbot/1.0 (+http://search.msn.com/msnbot.htm)"
207.46.98.141 - - [30/May/2005:23:00:33 +0200] "GET / HTTP/1.0" 200 648 "-" "msnbot/1.0 (+http://search.msn.com/msnbot.htm)"
207.46.98.141 - - [31/May/2005:04:01:56 +0200] "GET / HTTP/1.0" 200 648 "-" "msnbot/1.0 (+http://search.msn.com/msnbot.htm)"
207.46.98.141 - - [31/May/2005:08:56:09 +0200] "GET /robots.txt HTTP/1.0" 404 286 "-" "msnbot/1.0 (+http://search.msn.com/msnbot.htm)"
207.46.98.141 - - [31/May/2005:08:56:09 +0200] "GET / HTTP/1.0" 200 648 "-" "msnbot/1.0 (+http://search.msn.com/msnbot.htm)"
66.249.71.50 - - [31/May/2005:09:56:34 +0200] "GET /robots.txt HTTP/1.0" 404 286 "-" "Googlebot/2.1 (+http://www.google.com/bot.html)"
66.249.71.50 - - [31/May/2005:09:56:34 +0200] "GET / HTTP/1.0" 200 648 "-" "Googlebot/2.1 (+http://www.google.com/bot.html)"
207.46.98.141 - - [31/May/2005:13:59:44 +0200] "GET /robots.txt HTTP/1.0" 404 286 "-" "msnbot/1.0 (+http://search.msn.com/msnbot.htm)"
207.46.98.141 - - [31/May/2005:13:59:44 +0200] "GET / HTTP/1.0" 200 648 "-" "msnbot/1.0 (+http://search.msn.com/msnbot.htm)"
207.46.98.141 - - [31/May/2005:19:56:47 +0200] "GET /robots.txt HTTP/1.0" 404 286 "-" "msnbot/1.0 (+http://search.msn.com/msnbot.htm)"
207.46.98.141 - - [31/May/2005:19:56:48 +0200] "GET / HTTP/1.0" 200 648 "-" "msnbot/1.0 (+http://search.msn.com/msnbot.htm)"
69.243.69.152 - - [31/May/2005:22:11:32 +0200] "GET / HTTP/1.1" 200 660 "http://www.comites-it.org/" "Mozilla/5.0 (Windows; U; Win98; en-US; rv:1.7.7) Gecko/20050414 Firefox/1.0.3"
69.243.69.152 - - [31/May/2005:22:11:32 +0200] "GET /icons/blank.gif HTTP/1.1" 200 148 "http://washington.comites-it.org/" "Mozilla/5.0 (Windows; U; Win98; en-US; rv:1.7.7) Gecko/20050414 Firefox/1.0.3"
69.243.69.152 - - [31/May/2005:22:11:32 +0200] "GET /icons/folder.gif HTTP/1.1" 200 225 "http://washington.comites-it.org/" "Mozilla/5.0 (Windows; U; Win98; en-US; rv:1.7.7) Gecko/20050414 Firefox/1.0.3"
69.243.69.152 - - [31/May/2005:22:11:32 +0200] "GET /icons/back.gif HTTP/1.1" 200 216 "http://washington.comites-it.org/" "Mozilla/5.0 (Windows; U; Win98; en-US; rv:1.7.7) Gecko/20050414 Firefox/1.0.3"
69.243.69.152 - - [31/May/2005:22:11:32 +0200] "GET /favicon.ico HTTP/1.1" 404 299 "-" "Mozilla/5.0 (Windows; U; Win98; en-US; rv:1.7.7) Gecko/20050414 Firefox/1.0.3"
69.243.69.152 - - [31/May/2005:22:11:41 +0200] "GET / HTTP/1.1" 200 660 "http://www.comites-it.org/" "Mozilla/5.0 (Windows; U; Win98; en-US; rv:1.7.7) Gecko/20050414 Firefox/1.0.3"
69.243.69.152 - - [31/May/2005:22:11:41 +0200] "GET /favicon.ico HTTP/1.1" 404 299 "-" "Mozilla/5.0 (Windows; U; Win98; en-US; rv:1.7.7) Gecko/20050414 Firefox/1.0.3"
69.243.69.152 - - [31/May/2005:22:11:48 +0200] "GET / HTTP/1.1" 200 660 "http://www.comites-it.org/" "Mozilla/5.0 (Windows; U; Win98; en-US; rv:1.7.7) Gecko/20050414 Firefox/1.0.3"
69.243.69.152 - - [31/May/2005:22:11:49 +0200] "GET /favicon.ico HTTP/1.1" 404 299 "-" "Mozilla/5.0 (Windows; U; Win98; en-US; rv:1.7.7) Gecko/20050414 Firefox/1.0.3"
207.46.98.141 - - [01/Jun/2005:01:30:37 +0200] "GET /robots.txt HTTP/1.0" 404 286 "-" "msnbot/1.0 (+http://search.msn.com/msnbot.htm)"
207.46.98.141 - - [01/Jun/2005:01:30:38 +0200] "GET / HTTP/1.0" 200 648 "-" "msnbot/1.0 (+http://search.msn.com/msnbot.htm)"
207.46.98.141 - - [01/Jun/2005:08:38:00 +0200] "GET /robots.txt HTTP/1.0" 404 286 "-" "msnbot/1.0 (+http://search.msn.com/msnbot.htm)"
207.46.98.141 - - [01/Jun/2005:08:38:00 +0200] "GET / HTTP/1.0" 200 648 "-" "msnbot/1.0 (+http://search.msn.com/msnbot.htm)"
66.249.64.27 - - [01/Jun/2005:13:43:34 +0200] "GET /robots.txt HTTP/1.0" 404 286 "-" "Googlebot/2.1 (+http://www.google.com/bot.html)"
66.249.64.27 - - [01/Jun/2005:13:43:35 +0200] "GET / HTTP/1.0" 200 648 "-" "Googlebot/2.1 (+http://www.google.com/bot.html)"
66.249.71.42 - - [02/Jun/2005:05:42:25 +0200] "GET /robots.txt HTTP/1.0" 404 286 "-" "Googlebot/2.1 (+http://www.google.com/bot.html)"
66.249.71.42 - - [02/Jun/2005:05:42:25 +0200] "GET / HTTP/1.0" 200 648 "-" "Googlebot/2.1 (+http://www.google.com/bot.html)"
207.46.98.141 - - [02/Jun/2005:20:13:43 +0200] "GET /robots.txt HTTP/1.0" 404 286 "-" "msnbot/1.0 (+http://search.msn.com/msnbot.htm)"
207.46.98.141 - - [02/Jun/2005:20:13:43 +0200] "GET / HTTP/1.0" 200 648 "-" "msnbot/1.0 (+http://search.msn.com/msnbot.htm)"
207.46.98.141 - - [03/Jun/2005:01:24:28 +0200] "GET /robots.txt HTTP/1.0" 404 286 "-" "msnbot/1.0 (+http://search.msn.com/msnbot.htm)"
207.46.98.141 - - [03/Jun/2005:01:24:28 +0200] "GET / HTTP/1.0" 200 648 "-" "msnbot/1.0 (+http://search.msn.com/msnbot.htm)"
66.249.64.50 - - [03/Jun/2005:05:41:25 +0200] "GET / HTTP/1.0" 200 648 "-" "Googlebot/2.1 (+http://www.google.com/bot.html)"
66.249.71.47 - - [04/Jun/2005:05:57:10 +0200] "GET /robots.txt HTTP/1.0" 404 286 "-" "Googlebot/2.1 (+http://www.google.com/bot.html)"
66.249.71.47 - - [04/Jun/2005:05:57:10 +0200] "GET / HTTP/1.0" 200 648 "-" "Googlebot/2.1 (+http://www.google.com/bot.html)"
63.241.61.8 - - [05/Jun/2005:02:02:17 +0200] "GET /robots.txt HTTP/1.0" 404 286 "-" "ConveraCrawler/0.8 (+http://www.authoritativeweb.com/crawl)"
63.241.61.8 - - [05/Jun/2005:02:02:35 +0200] "GET / HTTP/1.0" 200 648 "-" "ConveraCrawler/0.8 (+http://www.authoritativeweb.com/crawl)"
63.241.61.8 - - [05/Jun/2005:02:02:53 +0200] "GET /logs/ HTTP/1.0" 200 780 "-" "ConveraCrawler/0.8 (+http://www.authoritativeweb.com/crawl)"
63.241.61.8 - - [05/Jun/2005:02:03:12 +0200] "GET /logs/access_log HTTP/1.0" 200 72211 "-" "ConveraCrawler/0.8 (+http://www.authoritativeweb.com/crawl)"
63.241.61.8 - - [05/Jun/2005:02:03:31 +0200] "GET /logs/error_log HTTP/1.0" 200 19934 "-" "ConveraCrawler/0.8 (+http://www.authoritativeweb.com/crawl)"
63.241.61.8 - - [05/Jun/2005:02:03:47 +0200] "GET /?M=A HTTP/1.0" 200 648 "-" "ConveraCrawler/0.8 (+http://www.authoritativeweb.com/crawl)"
63.241.61.8 - - [05/Jun/2005:02:04:06 +0200] "GET /?M=D HTTP/1.0" 200 648 "-" "ConveraCrawler/0.8 (+http://www.authoritativeweb.com/crawl)"
63.241.61.8 - - [05/Jun/2005:02:04:25 +0200] "GET /logs/?M=A HTTP/1.0" 200 780 "-" "ConveraCrawler/0.8 (+http://www.authoritativeweb.com/crawl)"
63.241.61.8 - - [05/Jun/2005:02:04:48 +0200] "GET /?D=A HTTP/1.0" 200 648 "-" "ConveraCrawler/0.8 (+http://www.authoritativeweb.com/crawl)"
63.241.61.8 - - [05/Jun/2005:02:05:11 +0200] "GET /?N=A HTTP/1.0" 200 648 "-" "ConveraCrawler/0.8 (+http://www.authoritativeweb.com/crawl)"
63.241.61.8 - - [05/Jun/2005:02:05:33 +0200] "GET /?S=A HTTP/1.0" 200 648 "-" "ConveraCrawler/0.8 (+http://www.authoritativeweb.com/crawl)"
63.241.61.8 - - [05/Jun/2005:02:05:56 +0200] "GET /logs/?N=D HTTP/1.0" 200 780 "-" "ConveraCrawler/0.8 (+http://www.authoritativeweb.com/crawl)"
63.241.61.8 - - [05/Jun/2005:02:06:17 +0200] "GET /logs/?S=A HTTP/1.0" 200 780 "-" "ConveraCrawler/0.8 (+http://www.authoritativeweb.com/crawl)"
63.241.61.8 - - [05/Jun/2005:02:06:39 +0200] "GET /?D=D HTTP/1.0" 200 648 "-" "ConveraCrawler/0.8 (+http://www.authoritativeweb.com/crawl)"
63.241.61.8 - - [05/Jun/2005:02:06:59 +0200] "GET /logs/?S=D HTTP/1.0" 200 780 "-" "ConveraCrawler/0.8 (+http://www.authoritativeweb.com/crawl)"
63.241.61.8 - - [05/Jun/2005:02:07:19 +0200] "GET /?S=D HTTP/1.0" 200 648 "-" "ConveraCrawler/0.8 (+http://www.authoritativeweb.com/crawl)"
63.241.61.8 - - [05/Jun/2005:02:07:39 +0200] "GET /?N=D HTTP/1.0" 200 648 "-" "ConveraCrawler/0.8 (+http://www.authoritativeweb.com/crawl)"
63.241.61.8 - - [05/Jun/2005:02:07:57 +0200] "GET /logs/?D=A HTTP/1.0" 200 780 "-" "ConveraCrawler/0.8 (+http://www.authoritativeweb.com/crawl)"
63.241.61.8 - - [05/Jun/2005:02:08:18 +0200] "GET /logs/?M=D HTTP/1.0" 200 780 "-" "ConveraCrawler/0.8 (+http://www.authoritativeweb.com/crawl)"
63.241.61.8 - - [05/Jun/2005:02:08:40 +0200] "GET /logs/?N=A HTTP/1.0" 200 780 "-" "ConveraCrawler/0.8 (+http://www.authoritativeweb.com/crawl)"
63.241.61.8 - - [05/Jun/2005:02:08:59 +0200] "GET /logs/?D=D HTTP/1.0" 200 780 "-" "ConveraCrawler/0.8 (+http://www.authoritativeweb.com/crawl)"
66.249.64.16 - - [05/Jun/2005:05:39:35 +0200] "GET /robots.txt HTTP/1.0" 404 286 "-" "Googlebot/2.1 (+http://www.google.com/bot.html)"
66.249.64.16 - - [05/Jun/2005:05:39:35 +0200] "GET / HTTP/1.0" 200 648 "-" "Googlebot/2.1 (+http://www.google.com/bot.html)"
65.214.44.254 - - [05/Jun/2005:22:14:01 +0200] "GET /robots.txt HTTP/1.0" 404 286 "-" "Mozilla/2.0 (compatible; Ask Jeeves/Teoma; +http://sp.ask.com/docs/about/tech_crawling.html)"
65.214.44.254 - - [05/Jun/2005:22:14:24 +0200] "GET / HTTP/1.0" 200 648 "-" "Mozilla/2.0 (compatible; Ask Jeeves/Teoma; +http://sp.ask.com/docs/about/tech_crawling.html)"
66.249.64.77 - - [06/Jun/2005:06:20:31 +0200] "GET / HTTP/1.0" 200 648 "-" "Googlebot/2.1 (+http://www.google.com/bot.html)"
207.46.98.140 - - [06/Jun/2005:19:48:35 +0200] "GET /robots.txt HTTP/1.0" 404 286 "-" "msnbot/1.0 (+http://search.msn.com/msnbot.htm)"
207.46.98.140 - - [06/Jun/2005:19:48:35 +0200] "GET / HTTP/1.0" 200 648 "-" "msnbot/1.0 (+http://search.msn.com/msnbot.htm)"
207.46.98.140 - - [07/Jun/2005:00:55:04 +0200] "GET /robots.txt HTTP/1.0" 404 286 "-" "msnbot/1.0 (+http://search.msn.com/msnbot.htm)"
207.46.98.140 - - [07/Jun/2005:00:55:04 +0200] "GET / HTTP/1.0" 200 648 "-" "msnbot/1.0 (+http://search.msn.com/msnbot.htm)"
66.249.64.47 - - [07/Jun/2005:06:04:09 +0200] "GET /robots.txt HTTP/1.0" 404 286 "-" "Googlebot/2.1 (+http://www.google.com/bot.html)"
66.249.64.47 - - [07/Jun/2005:06:04:10 +0200] "GET / HTTP/1.0" 200 648 "-" "Googlebot/2.1 (+http://www.google.com/bot.html)"
207.46.98.140 - - [07/Jun/2005:06:05:40 +0200] "GET / HTTP/1.0" 200 648 "-" "msnbot/1.0 (+http://search.msn.com/msnbot.htm)"
66.249.71.15 - - [07/Jun/2005:06:22:24 +0200] "GET / HTTP/1.0" 200 648 "-" "Googlebot/2.1 (+http://www.google.com/bot.html)"
207.46.98.140 - - [07/Jun/2005:11:14:12 +0200] "GET /robots.txt HTTP/1.0" 404 286 "-" "msnbot/1.0 (+http://search.msn.com/msnbot.htm)"
207.46.98.140 - - [07/Jun/2005:11:14:12 +0200] "GET / HTTP/1.0" 200 648 "-" "msnbot/1.0 (+http://search.msn.com/msnbot.htm)"
207.46.98.140 - - [07/Jun/2005:17:58:32 +0200] "GET /robots.txt HTTP/1.0" 404 286 "-" "msnbot/1.0 (+http://search.msn.com/msnbot.htm)"
207.46.98.140 - - [07/Jun/2005:17:58:33 +0200] "GET / HTTP/1.0" 200 648 "-" "msnbot/1.0 (+http://search.msn.com/msnbot.htm)"
141.20.35.71 - - [07/Jun/2005:20:31:17 +0200] "GET /robots.txt HTTP/1.0" 404 286 "-" "Mozilla"
141.20.35.71 - - [07/Jun/2005:20:31:18 +0200] "GET / HTTP/1.0" 200 648 "-" "Mozilla"
66.249.71.13 - - [08/Jun/2005:05:29:03 +0200] "GET /robots.txt HTTP/1.0" 404 286 "-" "Googlebot/2.1 (+http://www.google.com/bot.html)"
66.249.71.13 - - [08/Jun/2005:05:29:04 +0200] "GET / HTTP/1.0" 200 648 "-" "Googlebot/2.1 (+http://www.google.com/bot.html)"
207.46.98.140 - - [08/Jun/2005:05:45:36 +0200] "GET /robots.txt HTTP/1.0" 404 286 "-" "msnbot/1.0 (+http://search.msn.com/msnbot.htm)"
207.46.98.140 - - [08/Jun/2005:05:45:36 +0200] "GET / HTTP/1.0" 200 648 "-" "msnbot/1.0 (+http://search.msn.com/msnbot.htm)"
207.46.98.140 - - [08/Jun/2005:13:27:55 +0200] "GET /robots.txt HTTP/1.0" 404 286 "-" "msnbot/1.0 (+http://search.msn.com/msnbot.htm)"
207.46.98.140 - - [08/Jun/2005:13:27:55 +0200] "GET / HTTP/1.0" 200 648 "-" "msnbot/1.0 (+http://search.msn.com/msnbot.htm)"
138.220.205.115 - - [08/Jun/2005:16:37:35 +0200] "GET / HTTP/1.1" 200 660 "http://www.comites-it.org/" "Mozilla/4.0 (compatible; MSIE 6.0; Windows NT 5.1; SV1; .NET CLR 1.1.4322)"
138.220.205.115 - - [08/Jun/2005:16:37:36 +0200] "GET /icons/blank.gif HTTP/1.1" 200 148 "http://washington.comites-it.org/" "Mozilla/4.0 (compatible; MSIE 6.0; Windows NT 5.1; SV1; .NET CLR 1.1.4322)"
138.220.205.115 - - [08/Jun/2005:16:37:36 +0200] "GET /icons/back.gif HTTP/1.1" 200 216 "http://washington.comites-it.org/" "Mozilla/4.0 (compatible; MSIE 6.0; Windows NT 5.1; SV1; .NET CLR 1.1.4322)"
138.220.205.115 - - [08/Jun/2005:16:37:36 +0200] "GET /icons/folder.gif HTTP/1.1" 200 225 "http://washington.comites-it.org/" "Mozilla/4.0 (compatible; MSIE 6.0; Windows NT 5.1; SV1; .NET CLR 1.1.4322)"
138.220.205.115 - - [08/Jun/2005:16:37:44 +0200] "GET / HTTP/1.1" 200 660 "http://www.comites-it.org/" "Mozilla/4.0 (compatible; MSIE 6.0; Windows NT 5.1; SV1; .NET CLR 1.1.4322)"
138.220.205.115 - - [08/Jun/2005:16:37:44 +0200] "GET /icons/back.gif HTTP/1.1" 304 - "http://washington.comites-it.org/" "Mozilla/4.0 (compatible; MSIE 6.0; Windows NT 5.1; SV1; .NET CLR 1.1.4322)"
138.220.205.115 - - [08/Jun/2005:16:37:44 +0200] "GET /icons/blank.gif HTTP/1.1" 304 - "http://washington.comites-it.org/" "Mozilla/4.0 (compatible; MSIE 6.0; Windows NT 5.1; SV1; .NET CLR 1.1.4322)"
138.220.205.115 - - [08/Jun/2005:16:37:44 +0200] "GET /icons/folder.gif HTTP/1.1" 304 - "http://washington.comites-it.org/" "Mozilla/4.0 (compatible; MSIE 6.0; Windows NT 5.1; SV1; .NET CLR 1.1.4322)"
207.46.98.140 - - [08/Jun/2005:18:13:10 +0200] "GET /robots.txt HTTP/1.0" 404 286 "-" "msnbot/1.0 (+http://search.msn.com/msnbot.htm)"
207.46.98.140 - - [08/Jun/2005:18:13:11 +0200] "GET / HTTP/1.0" 200 648 "-" "msnbot/1.0 (+http://search.msn.com/msnbot.htm)"
66.249.64.37 - - [08/Jun/2005:18:19:29 +0200] "GET /robots.txt HTTP/1.0" 404 286 "-" "Googlebot/2.1 (+http://www.google.com/bot.html)"
66.249.64.37 - - [08/Jun/2005:18:19:30 +0200] "GET /logs/ HTTP/1.0" 200 780 "-" "Googlebot/2.1 (+http://www.google.com/bot.html)"
66.249.71.40 - - [08/Jun/2005:18:20:19 +0200] "GET /logs/error_log HTTP/1.0" 200 21671 "-" "Googlebot/2.1 (+http://www.google.com/bot.html)"
66.249.71.29 - - [08/Jun/2005:19:31:38 +0200] "GET / HTTP/1.0" 200 648 "-" "Googlebot/2.1 (+http://www.google.com/bot.html)"
66.249.65.69 - - [08/Jun/2005:19:49:15 +0200] "GET /robots.txt HTTP/1.1" 404 298 "-" "Mozilla/5.0 (compatible; Googlebot/2.1; +http://www.google.com/bot.html)"
66.249.65.69 - - [08/Jun/2005:19:49:15 +0200] "GET /logs/ HTTP/1.1" 200 792 "-" "Mozilla/5.0 (compatible; Googlebot/2.1; +http://www.google.com/bot.html)"
66.249.64.33 - - [08/Jun/2005:20:19:29 +0200] "GET /logs/access_log HTTP/1.0" 200 80715 "-" "Googlebot/2.1 (+http://www.google.com/bot.html)"
207.46.98.140 - - [08/Jun/2005:21:19:34 +0200] "GET /robots.txt HTTP/1.0" 404 286 "-" "msnbot/1.0 (+http://search.msn.com/msnbot.htm)"
207.46.98.140 - - [08/Jun/2005:21:19:34 +0200] "GET / HTTP/1.0" 200 648 "-" "msnbot/1.0 (+http://search.msn.com/msnbot.htm)"
128.194.147.73 - - [08/Jun/2005:21:39:08 +0200] "GET / HTTP/1.1" 200 660 "http://www.comites-it.org/" "Mozilla/4.0 (compatible; MSIE 6.0; Windows NT 5.1; SV1; .NET CLR 1.1.4322)"
128.194.147.73 - - [08/Jun/2005:21:39:08 +0200] "GET /icons/back.gif HTTP/1.1" 200 216 "http://washington.comites-it.org/" "Mozilla/4.0 (compatible; MSIE 6.0; Windows NT 5.1; SV1; .NET CLR 1.1.4322)"
128.194.147.73 - - [08/Jun/2005:21:39:08 +0200] "GET /icons/folder.gif HTTP/1.1" 200 225 "http://washington.comites-it.org/" "Mozilla/4.0 (compatible; MSIE 6.0; Windows NT 5.1; SV1; .NET CLR 1.1.4322)"
128.194.147.73 - - [08/Jun/2005:21:39:08 +0200] "GET /icons/blank.gif HTTP/1.1" 200 148 "http://washington.comites-it.org/" "Mozilla/4.0 (compatible; MSIE 6.0; Windows NT 5.1; SV1; .NET CLR 1.1.4322)"
207.46.98.140 - - [09/Jun/2005:02:33:35 +0200] "GET /robots.txt HTTP/1.0" 404 286 "-" "msnbot/1.0 (+http://search.msn.com/msnbot.htm)"
207.46.98.140 - - [09/Jun/2005:02:33:36 +0200] "GET / HTTP/1.0" 200 648 "-" "msnbot/1.0 (+http://search.msn.com/msnbot.htm)"
66.249.66.169 - - [09/Jun/2005:04:06:32 +0200] "GET /?S=A HTTP/1.1" 200 660 "-" "Mozilla/5.0 (compatible; Googlebot/2.1; +http://www.google.com/bot.html)"
66.249.71.9 - - [09/Jun/2005:05:54:32 +0200] "GET / HTTP/1.0" 200 648 "-" "Googlebot/2.1 (+http://www.google.com/bot.html)"
207.46.98.140 - - [09/Jun/2005:13:15:27 +0200] "GET /robots.txt HTTP/1.0" 404 286 "-" "msnbot/1.0 (+http://search.msn.com/msnbot.htm)"
207.46.98.140 - - [09/Jun/2005:13:15:28 +0200] "GET / HTTP/1.0" 200 648 "-" "msnbot/1.0 (+http://search.msn.com/msnbot.htm)"
207.46.98.140 - - [09/Jun/2005:17:55:43 +0200] "GET / HTTP/1.0" 200 648 "-" "msnbot/1.0 (+http://search.msn.com/msnbot.htm)"
84.220.20.215 - - [09/Jun/2005:18:43:56 +0200] "GET / HTTP/1.1" 200 660 "http://www.comites-it.org/" "Mozilla/4.0 (compatible; MSIE 5.5; Windows 98; Win 9x 4.90; .NET CLR 1.1.4322)"
84.220.20.215 - - [09/Jun/2005:18:43:56 +0200] "GET /icons/blank.gif HTTP/1.1" 200 148 "http://washington.comites-it.org/" "Mozilla/4.0 (compatible; MSIE 5.5; Windows 98; Win 9x 4.90; .NET CLR 1.1.4322)"
84.220.20.215 - - [09/Jun/2005:18:43:56 +0200] "GET /icons/back.gif HTTP/1.1" 200 216 "http://washington.comites-it.org/" "Mozilla/4.0 (compatible; MSIE 5.5; Windows 98; Win 9x 4.90; .NET CLR 1.1.4322)"
84.220.20.215 - - [09/Jun/2005:18:43:56 +0200] "GET /icons/folder.gif HTTP/1.1" 200 225 "http://washington.comites-it.org/" "Mozilla/4.0 (compatible; MSIE 5.5; Windows 98; Win 9x 4.90; .NET CLR 1.1.4322)"
207.46.98.140 - - [09/Jun/2005:23:01:12 +0200] "GET /robots.txt HTTP/1.0" 404 286 "-" "msnbot/1.0 (+http://search.msn.com/msnbot.htm)"
207.46.98.140 - - [09/Jun/2005:23:01:12 +0200] "GET / HTTP/1.0" 200 648 "-" "msnbot/1.0 (+http://search.msn.com/msnbot.htm)"
141.20.35.71 - - [09/Jun/2005:23:21:43 +0200] "GET /robots.txt HTTP/1.0" 404 286 "-" "NutchCVS/0.06-dev (Nutch; http://www.nutch.org/docs/en/bot.html; nutch-agent@lists.sourceforge.net)"
141.20.35.71 - - [09/Jun/2005:23:21:43 +0200] "GET / HTTP/1.0" 200 648 "-" "NutchCVS/0.06-dev (Nutch; http://www.nutch.org/docs/en/bot.html; nutch-agent@lists.sourceforge.net)"
207.46.98.140 - - [10/Jun/2005:04:06:23 +0200] "GET /robots.txt HTTP/1.0" 404 286 "-" "msnbot/1.0 (+http://search.msn.com/msnbot.htm)"
207.46.98.140 - - [10/Jun/2005:04:06:24 +0200] "GET / HTTP/1.0" 200 648 "-" "msnbot/1.0 (+http://search.msn.com/msnbot.htm)"
66.249.64.13 - - [10/Jun/2005:06:18:40 +0200] "GET /robots.txt HTTP/1.0" 404 286 "-" "Googlebot/2.1 (+http://www.google.com/bot.html)"
66.249.64.13 - - [10/Jun/2005:06:18:41 +0200] "GET / HTTP/1.0" 200 648 "-" "Googlebot/2.1 (+http://www.google.com/bot.html)"
207.46.98.140 - - [10/Jun/2005:09:47:34 +0200] "GET /robots.txt HTTP/1.0" 404 286 "-" "msnbot/1.0 (+http://search.msn.com/msnbot.htm)"
207.46.98.140 - - [10/Jun/2005:09:47:34 +0200] "GET / HTTP/1.0" 200 648 "-" "msnbot/1.0 (+http://search.msn.com/msnbot.htm)"
207.46.98.140 - - [10/Jun/2005:15:05:21 +0200] "GET /robots.txt HTTP/1.0" 404 286 "-" "msnbot/1.0 (+http://search.msn.com/msnbot.htm)"
207.46.98.140 - - [10/Jun/2005:15:05:22 +0200] "GET / HTTP/1.0" 200 648 "-" "msnbot/1.0 (+http://search.msn.com/msnbot.htm)"
64.233.173.86 - - [10/Jun/2005:19:28:21 +0200] "GET / HTTP/1.1" 200 660 "http://www.comites-it.org/" "Mozilla/4.0 (compatible; MSIE 6.0; Windows NT 5.1; .NET CLR 1.1.4322)"
64.233.173.86 - - [10/Jun/2005:19:28:21 +0200] "GET /icons/blank.gif HTTP/1.1" 200 148 "http://washington.comites-it.org/" "Mozilla/4.0 (compatible; MSIE 6.0; Windows NT 5.1; .NET CLR 1.1.4322)"
64.233.173.86 - - [10/Jun/2005:19:28:21 +0200] "GET /icons/back.gif HTTP/1.1" 200 216 "http://washington.comites-it.org/" "Mozilla/4.0 (compatible; MSIE 6.0; Windows NT 5.1; .NET CLR 1.1.4322)"
64.233.173.86 - - [10/Jun/2005:19:28:21 +0200] "GET /icons/folder.gif HTTP/1.1" 200 225 "http://washington.comites-it.org/" "Mozilla/4.0 (compatible; MSIE 6.0; Windows NT 5.1; .NET CLR 1.1.4322)"
64.233.173.86 - - [10/Jun/2005:19:29:28 +0200] "GET / HTTP/1.1" 200 660 "http://www.comites-it.org/" "Mozilla/4.0 (compatible; MSIE 6.0; Windows NT 5.1; .NET CLR 1.1.4322)"
207.46.98.140 - - [10/Jun/2005:22:08:19 +0200] "GET /robots.txt HTTP/1.0" 404 286 "-" "msnbot/1.0 (+http://search.msn.com/msnbot.htm)"
207.46.98.140 - - [10/Jun/2005:22:08:19 +0200] "GET / HTTP/1.0" 200 648 "-" "msnbot/1.0 (+http://search.msn.com/msnbot.htm)"
207.46.98.140 - - [11/Jun/2005:03:10:56 +0200] "GET /robots.txt HTTP/1.0" 404 286 "-" "msnbot/1.0 (+http://search.msn.com/msnbot.htm)"
207.46.98.140 - - [11/Jun/2005:03:10:56 +0200] "GET / HTTP/1.0" 200 648 "-" "msnbot/1.0 (+http://search.msn.com/msnbot.htm)"
66.249.71.13 - - [11/Jun/2005:06:07:50 +0200] "GET / HTTP/1.0" 200 648 "-" "Googlebot/2.1 (+http://www.google.com/bot.html)"
66.249.64.35 - - [11/Jun/2005:06:13:25 +0200] "GET /robots.txt HTTP/1.0" 404 286 "-" "Googlebot/2.1 (+http://www.google.com/bot.html)"
66.249.64.35 - - [11/Jun/2005:06:13:25 +0200] "GET / HTTP/1.0" 200 648 "-" "Googlebot/2.1 (+http://www.google.com/bot.html)"
66.249.65.229 - - [11/Jun/2005:12:51:55 +0200] "GET /robots.txt HTTP/1.1" 404 298 "-" "Mozilla/5.0 (compatible; Googlebot/2.1; +http://www.google.com/bot.html)"
66.249.65.229 - - [11/Jun/2005:12:51:58 +0200] "GET /logs/error_log HTTP/1.1" 200 23543 "-" "Mozilla/5.0 (compatible; Googlebot/2.1; +http://www.google.com/bot.html)"
207.46.98.140 - - [11/Jun/2005:14:39:06 +0200] "GET /robots.txt HTTP/1.0" 404 286 "-" "msnbot/1.0 (+http://search.msn.com/msnbot.htm)"
207.46.98.140 - - [11/Jun/2005:14:39:06 +0200] "GET / HTTP/1.0" 200 648 "-" "msnbot/1.0 (+http://search.msn.com/msnbot.htm)"
207.46.98.140 - - [11/Jun/2005:19:12:17 +0200] "GET /robots.txt HTTP/1.0" 404 286 "-" "msnbot/1.0 (+http://search.msn.com/msnbot.htm)"
207.46.98.140 - - [11/Jun/2005:19:12:17 +0200] "GET / HTTP/1.0" 200 648 "-" "msnbot/1.0 (+http://search.msn.com/msnbot.htm)"
66.249.65.229 - - [11/Jun/2005:20:27:46 +0200] "GET /logs/access_log HTTP/1.1" 200 87965 "-" "Mozilla/5.0 (compatible; Googlebot/2.1; +http://www.google.com/bot.html)"
207.46.98.140 - - [12/Jun/2005:03:38:55 +0200] "GET /robots.txt HTTP/1.0" 404 286 "-" "msnbot/1.0 (+http://search.msn.com/msnbot.htm)"
207.46.98.140 - - [12/Jun/2005:03:38:55 +0200] "GET / HTTP/1.0" 200 648 "-" "msnbot/1.0 (+http://search.msn.com/msnbot.htm)"
66.249.64.14 - - [12/Jun/2005:05:46:41 +0200] "GET /robots.txt HTTP/1.0" 404 286 "-" "Googlebot/2.1 (+http://www.google.com/bot.html)"
66.249.64.14 - - [12/Jun/2005:05:46:41 +0200] "GET / HTTP/1.0" 200 648 "-" "Googlebot/2.1 (+http://www.google.com/bot.html)"
24.177.134.6 - - [12/Jun/2005:13:07:39 +0200] "GET /robots.txt HTTP/1.0" 404 286 "-" "aipbot/1.0 (aipbot; http://www.aipbot.com; aipbot@aipbot.com)"
24.177.134.6 - - [12/Jun/2005:13:07:39 +0200] "GET / HTTP/1.0" 200 648 "-" "aipbot/1.0 (aipbot; http://www.aipbot.com; aipbot@aipbot.com)"
207.46.98.140 - - [12/Jun/2005:18:21:27 +0200] "GET /robots.txt HTTP/1.0" 404 286 "-" "msnbot/1.0 (+http://search.msn.com/msnbot.htm)"
207.46.98.140 - - [12/Jun/2005:18:21:28 +0200] "GET / HTTP/1.0" 200 648 "-" "msnbot/1.0 (+http://search.msn.com/msnbot.htm)"
66.249.65.78 - - [12/Jun/2005:22:16:29 +0200] "GET /robots.txt HTTP/1.1" 404 298 "-" "Mozilla/5.0 (compatible; Googlebot/2.1; +http://www.google.com/bot.html)"
66.249.65.78 - - [12/Jun/2005:22:16:29 +0200] "GET /logs/?M=A HTTP/1.1" 200 792 "-" "Mozilla/5.0 (compatible; Googlebot/2.1; +http://www.google.com/bot.html)"
207.46.98.140 - - [12/Jun/2005:23:48:59 +0200] "GET /robots.txt HTTP/1.0" 404 286 "-" "msnbot/1.0 (+http://search.msn.com/msnbot.htm)"
207.46.98.140 - - [12/Jun/2005:23:48:59 +0200] "GET / HTTP/1.0" 200 648 "-" "msnbot/1.0 (+http://search.msn.com/msnbot.htm)"
66.249.64.13 - - [13/Jun/2005:05:33:53 +0200] "GET /robots.txt HTTP/1.0" 404 286 "-" "Googlebot/2.1 (+http://www.google.com/bot.html)"
66.249.64.13 - - [13/Jun/2005:05:33:53 +0200] "GET / HTTP/1.0" 200 648 "-" "Googlebot/2.1 (+http://www.google.com/bot.html)"
65.19.150.243 - - [13/Jun/2005:08:07:05 +0200] "GET / HTTP/1.1" 200 660 "" "OmniExplorer_Bot/1.07 (+http://www.omni-explorer.com) Internet Categorizer"
65.19.150.243 - - [13/Jun/2005:08:07:05 +0200] "GET /?N=D HTTP/1.1" 200 660 "http://washington.comites-it.org" "OmniExplorer_Bot/1.07 (+http://www.omni-explorer.com) Internet Categorizer"
65.19.150.243 - - [13/Jun/2005:08:07:05 +0200] "GET /?N=A HTTP/1.1" 200 660 "http://washington.comites-it.org/?N=D" "OmniExplorer_Bot/1.07 (+http://www.omni-explorer.com) Internet Categorizer"
65.19.150.243 - - [13/Jun/2005:08:07:06 +0200] "GET /?M=A HTTP/1.1" 200 660 "http://washington.comites-it.org/?N=A" "OmniExplorer_Bot/1.07 (+http://www.omni-explorer.com) Internet Categorizer"
65.19.150.243 - - [13/Jun/2005:08:07:06 +0200] "GET /?M=D HTTP/1.1" 200 660 "http://washington.comites-it.org/?M=A" "OmniExplorer_Bot/1.07 (+http://www.omni-explorer.com) Internet Categorizer"
65.19.150.243 - - [13/Jun/2005:08:07:06 +0200] "GET /?S=A HTTP/1.1" 200 660 "http://washington.comites-it.org/?M=D" "OmniExplorer_Bot/1.07 (+http://www.omni-explorer.com) Internet Categorizer"
65.19.150.243 - - [13/Jun/2005:08:07:06 +0200] "GET /?D=A HTTP/1.1" 200 660 "http://washington.comites-it.org/?M=D" "OmniExplorer_Bot/1.07 (+http://www.omni-explorer.com) Internet Categorizer"
65.19.150.243 - - [13/Jun/2005:08:07:06 +0200] "GET / HTTP/1.1" 200 660 "http://washington.comites-it.org/?M=D" "OmniExplorer_Bot/1.07 (+http://www.omni-explorer.com) Internet Categorizer"
65.19.150.243 - - [13/Jun/2005:08:07:06 +0200] "GET /logs/ HTTP/1.1" 200 792 "http://washington.comites-it.org/?M=D" "OmniExplorer_Bot/1.07 (+http://www.omni-explorer.com) Internet Categorizer"
207.46.98.140 - - [14/Jun/2005:04:28:12 +0200] "GET /robots.txt HTTP/1.0" 404 286 "-" "msnbot/1.0 (+http://search.msn.com/msnbot.htm)"
207.46.98.140 - - [14/Jun/2005:04:28:12 +0200] "GET / HTTP/1.0" 200 648 "-" "msnbot/1.0 (+http://search.msn.com/msnbot.htm)"
66.249.71.14 - - [14/Jun/2005:05:29:08 +0200] "GET /robots.txt HTTP/1.0" 404 286 "-" "Googlebot/2.1 (+http://www.google.com/bot.html)"
66.249.71.14 - - [14/Jun/2005:05:29:08 +0200] "GET / HTTP/1.0" 200 648 "-" "Googlebot/2.1 (+http://www.google.com/bot.html)"
82.55.153.76 - - [14/Jun/2005:08:45:59 +0200] "GET / HTTP/1.1" 200 660 "http://www.comites-it.org/" "Mozilla/4.0 (compatible; MSIE 6.0; Windows NT 5.0)"
82.55.153.76 - - [14/Jun/2005:08:45:59 +0200] "GET /icons/blank.gif HTTP/1.1" 200 148 "http://washington.comites-it.org/" "Mozilla/4.0 (compatible; MSIE 6.0; Windows NT 5.0)"
82.55.153.76 - - [14/Jun/2005:08:45:59 +0200] "GET /icons/back.gif HTTP/1.1" 200 216 "http://washington.comites-it.org/" "Mozilla/4.0 (compatible; MSIE 6.0; Windows NT 5.0)"
82.55.153.76 - - [14/Jun/2005:08:45:59 +0200] "GET /icons/folder.gif HTTP/1.1" 200 225 "http://washington.comites-it.org/" "Mozilla/4.0 (compatible; MSIE 6.0; Windows NT 5.0)"
82.55.153.76 - - [14/Jun/2005:08:46:05 +0200] "GET / HTTP/1.1" 200 660 "http://washington.comites-it.org/" "Mozilla/4.0 (compatible; MSIE 6.0; Windows NT 5.0)"
82.55.153.76 - - [14/Jun/2005:08:46:09 +0200] "GET /logs/ HTTP/1.1" 200 792 "http://washington.comites-it.org/" "Mozilla/4.0 (compatible; MSIE 6.0; Windows NT 5.0)"
82.55.153.76 - - [14/Jun/2005:08:46:10 +0200] "GET /icons/unknown.gif HTTP/1.1" 200 245 "http://washington.comites-it.org/logs/" "Mozilla/4.0 (compatible; MSIE 6.0; Windows NT 5.0)"
82.55.153.76 - - [14/Jun/2005:08:46:11 +0200] "GET /logs/error_log HTTP/1.1" 200 25012 "http://washington.comites-it.org/logs/" "Mozilla/4.0 (compatible; MSIE 6.0; Windows NT 5.0)"
207.46.98.140 - - [14/Jun/2005:09:18:44 +0200] "GET /robots.txt HTTP/1.0" 404 286 "-" "msnbot/1.0 (+http://search.msn.com/msnbot.htm)"
207.46.98.140 - - [14/Jun/2005:09:18:44 +0200] "GET / HTTP/1.0" 200 648 "-" "msnbot/1.0 (+http://search.msn.com/msnbot.htm)"
207.46.98.140 - - [14/Jun/2005:15:03:38 +0200] "GET /robots.txt HTTP/1.0" 404 286 "-" "msnbot/1.0 (+http://search.msn.com/msnbot.htm)"
207.46.98.140 - - [14/Jun/2005:15:03:38 +0200] "GET / HTTP/1.0" 200 648 "-" "msnbot/1.0 (+http://search.msn.com/msnbot.htm)"
207.46.98.140 - - [15/Jun/2005:01:30:18 +0200] "GET /robots.txt HTTP/1.0" 404 286 "-" "msnbot/1.0 (+http://search.msn.com/msnbot.htm)"
207.46.98.140 - - [15/Jun/2005:01:30:20 +0200] "GET / HTTP/1.0" 200 648 "-" "msnbot/1.0 (+http://search.msn.com/msnbot.htm)"
66.249.71.47 - - [15/Jun/2005:05:45:15 +0200] "GET / HTTP/1.0" 200 648 "-" "Googlebot/2.1 (+http://www.google.com/bot.html)"
66.249.64.36 - - [16/Jun/2005:08:14:00 +0200] "GET /robots.txt HTTP/1.0" 404 286 "-" "Googlebot/2.1 (+http://www.google.com/bot.html)"
66.249.64.36 - - [16/Jun/2005:08:14:02 +0200] "GET / HTTP/1.0" 200 648 "-" "Googlebot/2.1 (+http://www.google.com/bot.html)"
207.46.98.140 - - [16/Jun/2005:14:49:24 +0200] "GET /robots.txt HTTP/1.0" 404 286 "-" "msnbot/1.0 (+http://search.msn.com/msnbot.htm)"
207.46.98.140 - - [16/Jun/2005:14:49:24 +0200] "GET / HTTP/1.0" 200 648 "-" "msnbot/1.0 (+http://search.msn.com/msnbot.htm)"
207.46.98.140 - - [16/Jun/2005:20:42:48 +0200] "GET /robots.txt HTTP/1.0" 404 286 "-" "msnbot/1.0 (+http://search.msn.com/msnbot.htm)"
207.46.98.140 - - [16/Jun/2005:20:42:48 +0200] "GET / HTTP/1.0" 200 648 "-" "msnbot/1.0 (+http://search.msn.com/msnbot.htm)"
207.46.98.140 - - [17/Jun/2005:02:04:03 +0200] "GET /robots.txt HTTP/1.0" 404 286 "-" "msnbot/1.0 (+http://search.msn.com/msnbot.htm)"
207.46.98.140 - - [17/Jun/2005:02:04:04 +0200] "GET / HTTP/1.0" 200 648 "-" "msnbot/1.0 (+http://search.msn.com/msnbot.htm)"
66.249.71.53 - - [17/Jun/2005:05:51:48 +0200] "GET /robots.txt HTTP/1.0" 404 286 "-" "Googlebot/2.1 (+http://www.google.com/bot.html)"
66.249.71.53 - - [17/Jun/2005:05:51:48 +0200] "GET / HTTP/1.0" 200 648 "-" "Googlebot/2.1 (+http://www.google.com/bot.html)"
207.46.98.140 - - [17/Jun/2005:07:50:34 +0200] "GET /robots.txt HTTP/1.0" 404 286 "-" "msnbot/1.0 (+http://search.msn.com/msnbot.htm)"
207.46.98.140 - - [17/Jun/2005:07:50:34 +0200] "GET / HTTP/1.0" 200 648 "-" "msnbot/1.0 (+http://search.msn.com/msnbot.htm)"
207.46.98.140 - - [17/Jun/2005:13:18:05 +0200] "GET /robots.txt HTTP/1.0" 404 286 "-" "msnbot/1.0 (+http://search.msn.com/msnbot.htm)"
207.46.98.140 - - [17/Jun/2005:13:18:05 +0200] "GET / HTTP/1.0" 200 648 "-" "msnbot/1.0 (+http://search.msn.com/msnbot.htm)"
210.186.46.10 - - [17/Jun/2005:15:17:07 +0200] "GET / HTTP/1.1" 200 660 "http://www.comites-it.org/" "Mozilla/4.0 (compatible; MSIE 5.0; Windows 98; DigExt)"
210.186.46.74 - - [17/Jun/2005:19:29:05 +0200] "GET / HTTP/1.1" 200 660 "http://www.comites-it.org/" "Mozilla/4.0 (compatible; MSIE 5.0; Windows 98; DigExt)"
66.249.64.6 - - [18/Jun/2005:06:32:53 +0200] "GET /robots.txt HTTP/1.0" 404 286 "-" "Googlebot/2.1 (+http://www.google.com/bot.html)"
66.249.64.6 - - [18/Jun/2005:06:32:53 +0200] "GET / HTTP/1.0" 200 648 "-" "Googlebot/2.1 (+http://www.google.com/bot.html)"
207.46.98.140 - - [18/Jun/2005:08:20:13 +0200] "GET /robots.txt HTTP/1.0" 404 286 "-" "msnbot/1.0 (+http://search.msn.com/msnbot.htm)"
207.46.98.140 - - [18/Jun/2005:08:20:13 +0200] "GET / HTTP/1.0" 200 648 "-" "msnbot/1.0 (+http://search.msn.com/msnbot.htm)"
82.52.117.11 - - [18/Jun/2005:09:07:14 +0200] "GET / HTTP/1.1" 200 660 "http://www.comites-it.org/" "Mozilla/4.0 (compatible; MSIE 6.0; Windows NT 5.1; SV1)"
82.52.117.11 - - [18/Jun/2005:09:07:15 +0200] "GET /icons/blank.gif HTTP/1.1" 200 148 "http://washington.comites-it.org/" "Mozilla/4.0 (compatible; MSIE 6.0; Windows NT 5.1; SV1)"
82.52.117.11 - - [18/Jun/2005:09:07:15 +0200] "GET /icons/back.gif HTTP/1.1" 200 216 "http://washington.comites-it.org/" "Mozilla/4.0 (compatible; MSIE 6.0; Windows NT 5.1; SV1)"
82.52.117.11 - - [18/Jun/2005:09:07:15 +0200] "GET /icons/folder.gif HTTP/1.1" 200 225 "http://washington.comites-it.org/" "Mozilla/4.0 (compatible; MSIE 6.0; Windows NT 5.1; SV1)"
207.46.98.140 - - [18/Jun/2005:13:27:49 +0200] "GET /robots.txt HTTP/1.0" 404 286 "-" "msnbot/1.0 (+http://search.msn.com/msnbot.htm)"
207.46.98.140 - - [18/Jun/2005:13:27:49 +0200] "GET / HTTP/1.0" 200 648 "-" "msnbot/1.0 (+http://search.msn.com/msnbot.htm)"
207.46.98.140 - - [18/Jun/2005:21:39:52 +0200] "GET /robots.txt HTTP/1.0" 404 286 "-" "msnbot/1.0 (+http://search.msn.com/msnbot.htm)"
207.46.98.140 - - [18/Jun/2005:21:39:52 +0200] "GET / HTTP/1.0" 200 648 "-" "msnbot/1.0 (+http://search.msn.com/msnbot.htm)"
207.46.98.140 - - [19/Jun/2005:05:03:49 +0200] "GET /robots.txt HTTP/1.0" 404 286 "-" "msnbot/1.0 (+http://search.msn.com/msnbot.htm)"
207.46.98.140 - - [19/Jun/2005:05:03:49 +0200] "GET / HTTP/1.0" 200 648 "-" "msnbot/1.0 (+http://search.msn.com/msnbot.htm)"
66.249.64.13 - - [19/Jun/2005:06:13:27 +0200] "GET /robots.txt HTTP/1.0" 404 286 "-" "Googlebot/2.1 (+http://www.google.com/bot.html)"
66.249.64.13 - - [19/Jun/2005:06:13:27 +0200] "GET / HTTP/1.0" 200 648 "-" "Googlebot/2.1 (+http://www.google.com/bot.html)"
66.249.64.44 - - [20/Jun/2005:05:22:17 +0200] "GET / HTTP/1.0" 200 648 "-" "Googlebot/2.1 (+http://www.google.com/bot.html)"
80.180.8.28 - - [20/Jun/2005:09:40:12 +0200] "GET / HTTP/1.1" 200 660 "http://www.comites-it.org/" "Mozilla/4.0 (compatible; MSIE 5.17; Mac_PowerPC)"
80.180.8.28 - - [20/Jun/2005:09:40:13 +0200] "GET /icons/blank.gif HTTP/1.1" 200 148 "http://washington.comites-it.org/" "Mozilla/4.0 (compatible; MSIE 5.17; Mac_PowerPC)"
80.180.8.28 - - [20/Jun/2005:09:40:14 +0200] "GET /icons/back.gif HTTP/1.1" 200 216 "http://washington.comites-it.org/" "Mozilla/4.0 (compatible; MSIE 5.17; Mac_PowerPC)"
80.180.8.28 - - [20/Jun/2005:09:40:14 +0200] "GET /icons/folder.gif HTTP/1.1" 200 225 "http://washington.comites-it.org/" "Mozilla/4.0 (compatible; MSIE 5.17; Mac_PowerPC)"
84.222.95.195 - - [20/Jun/2005:10:11:39 +0200] "GET / HTTP/1.1" 200 660 "http://www.comites-it.org/" "Mozilla/4.0 (compatible; MSIE 6.0; Windows NT 5.1; SV1; .NET CLR 1.1.4322)"
