209.30.45.113 - - [20/Jun/2004:22:24:06 +0200] "GET / HTTP/1.1" 200 583 "-" "Mozilla/5.0 (Windows; U; Win98; en-US; rv:1.4) Gecko/20030624 Netscape/7.1 (ax)"
209.30.45.113 - - [20/Jun/2004:22:24:07 +0200] "GET /favicon.ico HTTP/1.1" 404 217 "-" "Mozilla/5.0 (Windows; U; Win98; en-US; rv:1.4) Gecko/20030624 Netscape/7.1 (ax)"
209.30.45.113 - - [20/Jun/2004:22:24:07 +0200] "GET /icons/blank.gif HTTP/1.1" 200 148 "http://arkansas.comites-it.org/" "Mozilla/5.0 (Windows; U; Win98; en-US; rv:1.4) Gecko/20030624 Netscape/7.1 (ax)"
209.30.45.113 - - [20/Jun/2004:22:24:07 +0200] "GET /icons/back.gif HTTP/1.1" 200 216 "http://arkansas.comites-it.org/" "Mozilla/5.0 (Windows; U; Win98; en-US; rv:1.4) Gecko/20030624 Netscape/7.1 (ax)"
209.30.45.113 - - [20/Jun/2004:22:24:07 +0200] "GET /icons/folder.gif HTTP/1.1" 200 225 "http://arkansas.comites-it.org/" "Mozilla/5.0 (Windows; U; Win98; en-US; rv:1.4) Gecko/20030624 Netscape/7.1 (ax)"
209.30.45.113 - - [20/Jun/2004:22:26:48 +0200] "GET / HTTP/1.1" 200 583 "-" "Mozilla/5.0 (Windows; U; Win98; en-US; rv:1.4) Gecko/20030624 Netscape/7.1 (ax)"
209.30.45.113 - - [20/Jun/2004:22:26:48 +0200] "GET /favicon.ico HTTP/1.1" 404 217 "-" "Mozilla/5.0 (Windows; U; Win98; en-US; rv:1.4) Gecko/20030624 Netscape/7.1 (ax)"
209.30.45.113 - - [20/Jun/2004:22:26:48 +0200] "GET /icons/back.gif HTTP/1.1" 200 216 "http://houston.comites-it.org/" "Mozilla/5.0 (Windows; U; Win98; en-US; rv:1.4) Gecko/20030624 Netscape/7.1 (ax)"
209.30.45.113 - - [20/Jun/2004:22:26:48 +0200] "GET /icons/blank.gif HTTP/1.1" 200 148 "http://houston.comites-it.org/" "Mozilla/5.0 (Windows; U; Win98; en-US; rv:1.4) Gecko/20030624 Netscape/7.1 (ax)"
209.30.45.113 - - [20/Jun/2004:22:26:48 +0200] "GET /icons/folder.gif HTTP/1.1" 200 225 "http://houston.comites-it.org/" "Mozilla/5.0 (Windows; U; Win98; en-US; rv:1.4) Gecko/20030624 Netscape/7.1 (ax)"
209.30.45.113 - - [20/Jun/2004:22:26:58 +0200] "GET / HTTP/1.1" 200 583 "-" "Mozilla/5.0 (Windows; U; Win98; en-US; rv:1.4) Gecko/20030624 Netscape/7.1 (ax)"
209.30.45.113 - - [20/Jun/2004:22:26:58 +0200] "GET /favicon.ico HTTP/1.1" 404 217 "-" "Mozilla/5.0 (Windows; U; Win98; en-US; rv:1.4) Gecko/20030624 Netscape/7.1 (ax)"
209.30.45.113 - - [20/Jun/2004:22:26:58 +0200] "GET /icons/back.gif HTTP/1.1" 200 216 "http://louisiana.comites-it.org/" "Mozilla/5.0 (Windows; U; Win98; en-US; rv:1.4) Gecko/20030624 Netscape/7.1 (ax)"
209.30.45.113 - - [20/Jun/2004:22:26:58 +0200] "GET /icons/blank.gif HTTP/1.1" 200 148 "http://louisiana.comites-it.org/" "Mozilla/5.0 (Windows; U; Win98; en-US; rv:1.4) Gecko/20030624 Netscape/7.1 (ax)"
209.30.45.113 - - [20/Jun/2004:22:26:58 +0200] "GET /icons/folder.gif HTTP/1.1" 200 225 "http://louisiana.comites-it.org/" "Mozilla/5.0 (Windows; U; Win98; en-US; rv:1.4) Gecko/20030624 Netscape/7.1 (ax)"
209.30.45.113 - - [20/Jun/2004:22:53:52 +0200] "GET / HTTP/1.1" 200 583 "-" "Mozilla/5.0 (Windows; U; Win98; en-US; rv:1.4) Gecko/20030624 Netscape/7.1 (ax)"
209.30.45.113 - - [20/Jun/2004:22:53:52 +0200] "GET /favicon.ico HTTP/1.1" 404 217 "-" "Mozilla/5.0 (Windows; U; Win98; en-US; rv:1.4) Gecko/20030624 Netscape/7.1 (ax)"
209.30.45.113 - - [20/Jun/2004:22:53:52 +0200] "GET /icons/back.gif HTTP/1.1" 200 216 "http://texas.comites-it.org/" "Mozilla/5.0 (Windows; U; Win98; en-US; rv:1.4) Gecko/20030624 Netscape/7.1 (ax)"
209.30.45.113 - - [20/Jun/2004:22:53:52 +0200] "GET /icons/blank.gif HTTP/1.1" 200 148 "http://texas.comites-it.org/" "Mozilla/5.0 (Windows; U; Win98; en-US; rv:1.4) Gecko/20030624 Netscape/7.1 (ax)"
209.30.45.113 - - [20/Jun/2004:22:53:52 +0200] "GET /icons/folder.gif HTTP/1.1" 200 225 "http://texas.comites-it.org/" "Mozilla/5.0 (Windows; U; Win98; en-US; rv:1.4) Gecko/20030624 Netscape/7.1 (ax)"
209.30.45.113 - - [20/Jun/2004:22:54:37 +0200] "GET / HTTP/1.1" 200 583 "-" "Mozilla/5.0 (Windows; U; Win98; en-US; rv:1.4) Gecko/20030624 Netscape/7.1 (ax)"
209.30.45.113 - - [20/Jun/2004:22:54:38 +0200] "GET /icons/blank.gif HTTP/1.1" 200 148 "http://oklahoma.comites-it.org/" "Mozilla/5.0 (Windows; U; Win98; en-US; rv:1.4) Gecko/20030624 Netscape/7.1 (ax)"
209.30.45.113 - - [20/Jun/2004:22:54:38 +0200] "GET /icons/back.gif HTTP/1.1" 200 216 "http://oklahoma.comites-it.org/" "Mozilla/5.0 (Windows; U; Win98; en-US; rv:1.4) Gecko/20030624 Netscape/7.1 (ax)"
209.30.45.113 - - [20/Jun/2004:22:54:38 +0200] "GET /icons/folder.gif HTTP/1.1" 200 225 "http://oklahoma.comites-it.org/" "Mozilla/5.0 (Windows; U; Win98; en-US; rv:1.4) Gecko/20030624 Netscape/7.1 (ax)"
66.249.64.13 - - [21/Apr/2005:05:11:56 +0200] "GET /robots.txt HTTP/1.0" 404 286 "-" "Googlebot/2.1 (+http://www.google.com/bot.html)"
66.249.64.13 - - [21/Apr/2005:05:11:56 +0200] "GET / HTTP/1.0" 200 648 "-" "Googlebot/2.1 (+http://www.google.com/bot.html)"
209.237.238.172 - - [21/Apr/2005:13:08:12 +0200] "GET /robots.txt HTTP/1.0" 404 286 "-" "ia_archiver"
209.237.238.172 - - [21/Apr/2005:13:08:12 +0200] "GET / HTTP/1.0" 200 648 "-" "ia_archiver"
209.237.238.172 - - [21/Apr/2005:15:22:23 +0200] "GET /?D=A HTTP/1.0" 200 648 "-" "ia_archiver"
209.237.238.172 - - [21/Apr/2005:15:23:45 +0200] "GET /?M=A HTTP/1.0" 200 648 "-" "ia_archiver"
209.237.238.172 - - [21/Apr/2005:15:25:07 +0200] "GET /?N=D HTTP/1.0" 200 648 "-" "ia_archiver"
209.237.238.172 - - [21/Apr/2005:15:26:00 +0200] "GET /?S=A HTTP/1.0" 200 648 "-" "ia_archiver"
209.237.238.172 - - [21/Apr/2005:15:27:22 +0200] "GET /logs/ HTTP/1.0" 200 780 "-" "ia_archiver"
209.237.238.172 - - [21/Apr/2005:17:21:23 +0200] "GET /?D=D HTTP/1.0" 200 648 "-" "ia_archiver"
209.237.238.172 - - [21/Apr/2005:17:23:25 +0200] "GET /?M=D HTTP/1.0" 200 648 "-" "ia_archiver"
209.237.238.172 - - [21/Apr/2005:17:25:33 +0200] "GET /?N=A HTTP/1.0" 200 648 "-" "ia_archiver"
209.237.238.172 - - [21/Apr/2005:17:26:19 +0200] "GET /?S=D HTTP/1.0" 200 648 "-" "ia_archiver"
209.237.238.172 - - [21/Apr/2005:17:33:59 +0200] "GET /logs/?D=A HTTP/1.0" 200 780 "-" "ia_archiver"
209.237.238.172 - - [21/Apr/2005:17:36:19 +0200] "GET /logs/?M=A HTTP/1.0" 200 780 "-" "ia_archiver"
209.237.238.172 - - [21/Apr/2005:17:37:26 +0200] "GET /logs/?N=D HTTP/1.0" 200 780 "-" "ia_archiver"
209.237.238.172 - - [21/Apr/2005:17:39:59 +0200] "GET /logs/?S=A HTTP/1.0" 200 780 "-" "ia_archiver"
209.237.238.172 - - [21/Apr/2005:17:41:18 +0200] "GET /logs/access_log HTTP/1.0" 200 6225 "-" "ia_archiver"
209.237.238.172 - - [21/Apr/2005:17:44:09 +0200] "GET /logs/error_log HTTP/1.0" 200 809 "-" "ia_archiver"
209.237.238.172 - - [21/Apr/2005:19:34:45 +0200] "GET /logs/?D=D HTTP/1.0" 200 780 "-" "ia_archiver"
66.249.64.13 - - [22/Apr/2005:05:09:08 +0200] "GET /robots.txt HTTP/1.0" 404 286 "-" "Googlebot/2.1 (+http://www.google.com/bot.html)"
66.249.64.13 - - [22/Apr/2005:05:09:09 +0200] "GET / HTTP/1.0" 200 648 "-" "Googlebot/2.1 (+http://www.google.com/bot.html)"
66.249.71.42 - - [23/Apr/2005:05:49:53 +0200] "GET /robots.txt HTTP/1.0" 404 286 "-" "Googlebot/2.1 (+http://www.google.com/bot.html)"
66.249.71.42 - - [23/Apr/2005:05:49:53 +0200] "GET / HTTP/1.0" 200 648 "-" "Googlebot/2.1 (+http://www.google.com/bot.html)"
66.50.75.101 - - [23/Apr/2005:22:24:59 +0200] "GET / HTTP/1.1" 200 660 "http://www.comites-it.org/" "Mozilla/4.0 (compatible; MSIE 6.0; Windows 98; Win 9x 4.90)"
66.50.75.101 - - [23/Apr/2005:22:25:05 +0200] "GET /icons/blank.gif HTTP/1.1" 200 148 "http://washington.comites-it.org/" "Mozilla/4.0 (compatible; MSIE 6.0; Windows 98; Win 9x 4.90)"
66.50.75.101 - - [23/Apr/2005:22:25:12 +0200] "GET /icons/back.gif HTTP/1.1" 200 216 "http://washington.comites-it.org/" "Mozilla/4.0 (compatible; MSIE 6.0; Windows 98; Win 9x 4.90)"
66.50.75.101 - - [23/Apr/2005:22:25:12 +0200] "GET /icons/folder.gif HTTP/1.1" 200 225 "http://washington.comites-it.org/" "Mozilla/4.0 (compatible; MSIE 6.0; Windows 98; Win 9x 4.90)"
66.50.75.101 - - [23/Apr/2005:22:25:45 +0200] "GET / HTTP/1.1" 200 660 "http://washington.comites-it.org/" "Mozilla/4.0 (compatible; MSIE 6.0; Windows 98; Win 9x 4.90)"
66.50.75.101 - - [23/Apr/2005:22:26:28 +0200] "GET / HTTP/1.1" 200 660 "http://www.comites-it.org/" "Mozilla/4.0 (compatible; MSIE 6.0; Windows 98; Win 9x 4.90)"
66.50.75.101 - - [23/Apr/2005:22:26:41 +0200] "GET /?N=D HTTP/1.1" 200 660 "http://washington.comites-it.org/" "Mozilla/4.0 (compatible; MSIE 6.0; Windows 98; Win 9x 4.90)"
66.50.75.101 - - [23/Apr/2005:22:27:10 +0200] "GET /?N=A HTTP/1.1" 200 660 "http://washington.comites-it.org/?N=D" "Mozilla/4.0 (compatible; MSIE 6.0; Windows 98; Win 9x 4.90)"
66.50.75.101 - - [23/Apr/2005:22:27:40 +0200] "GET / HTTP/1.1" 200 660 "http://washington.comites-it.org/?N=A" "Mozilla/4.0 (compatible; MSIE 6.0; Windows 98; Win 9x 4.90)"
66.50.75.101 - - [23/Apr/2005:22:28:24 +0200] "GET /logs/ HTTP/1.1" 200 792 "http://washington.comites-it.org/" "Mozilla/4.0 (compatible; MSIE 6.0; Windows 98; Win 9x 4.90)"
66.50.75.101 - - [23/Apr/2005:22:28:30 +0200] "GET /icons/unknown.gif HTTP/1.1" 200 245 "http://washington.comites-it.org/logs/" "Mozilla/4.0 (compatible; MSIE 6.0; Windows 98; Win 9x 4.90)"
66.50.75.101 - - [23/Apr/2005:22:28:43 +0200] "GET /logs/access_log HTTP/1.1" 200 8993 "http://washington.comites-it.org/logs/" "Mozilla/4.0 (compatible; MSIE 6.0; Windows 98; Win 9x 4.90)"
66.50.75.101 - - [23/Apr/2005:22:30:32 +0200] "GET / HTTP/1.1" 200 660 "http://washington.comites-it.org/logs/" "Mozilla/4.0 (compatible; MSIE 6.0; Windows 98; Win 9x 4.90)"
66.50.75.101 - - [23/Apr/2005:22:40:32 +0200] "GET / HTTP/1.1" 200 660 "http://www.comites-it.org/" "Mozilla/4.0 (compatible; MSIE 6.0; Windows 98; Win 9x 4.90)"
66.50.75.101 - - [23/Apr/2005:22:40:44 +0200] "GET / HTTP/1.1" 200 660 "http://www.comites-it.org/" "Mozilla/4.0 (compatible; MSIE 6.0; Windows 98; Win 9x 4.90)"
66.249.64.50 - - [24/Apr/2005:05:49:14 +0200] "GET /robots.txt HTTP/1.0" 404 286 "-" "Googlebot/2.1 (+http://www.google.com/bot.html)"
66.249.64.50 - - [24/Apr/2005:05:49:14 +0200] "GET / HTTP/1.0" 200 648 "-" "Googlebot/2.1 (+http://www.google.com/bot.html)"
207.46.98.141 - - [24/Apr/2005:06:12:12 +0200] "GET /robots.txt HTTP/1.0" 404 286 "-" "msnbot/1.0 (+http://search.msn.com/msnbot.htm)"
207.46.98.141 - - [24/Apr/2005:06:12:12 +0200] "GET / HTTP/1.0" 200 648 "-" "msnbot/1.0 (+http://search.msn.com/msnbot.htm)"
207.46.98.141 - - [24/Apr/2005:10:56:51 +0200] "GET /robots.txt HTTP/1.0" 404 286 "-" "msnbot/1.0 (+http://search.msn.com/msnbot.htm)"
207.46.98.141 - - [24/Apr/2005:10:56:51 +0200] "GET / HTTP/1.0" 200 648 "-" "msnbot/1.0 (+http://search.msn.com/msnbot.htm)"
207.46.98.141 - - [24/Apr/2005:13:01:57 +0200] "GET /robots.txt HTTP/1.0" 404 286 "-" "msnbot/1.0 (+http://search.msn.com/msnbot.htm)"
207.46.98.141 - - [24/Apr/2005:13:01:57 +0200] "GET / HTTP/1.0" 200 648 "-" "msnbot/1.0 (+http://search.msn.com/msnbot.htm)"
207.46.98.141 - - [24/Apr/2005:15:29:00 +0200] "GET /robots.txt HTTP/1.0" 404 286 "-" "msnbot/1.0 (+http://search.msn.com/msnbot.htm)"
207.46.98.141 - - [24/Apr/2005:15:29:00 +0200] "GET / HTTP/1.0" 200 648 "-" "msnbot/1.0 (+http://search.msn.com/msnbot.htm)"
207.46.98.141 - - [24/Apr/2005:17:52:32 +0200] "GET /robots.txt HTTP/1.0" 404 286 "-" "msnbot/1.0 (+http://search.msn.com/msnbot.htm)"
207.46.98.141 - - [24/Apr/2005:17:52:32 +0200] "GET / HTTP/1.0" 200 648 "-" "msnbot/1.0 (+http://search.msn.com/msnbot.htm)"
207.46.98.141 - - [24/Apr/2005:22:38:19 +0200] "GET / HTTP/1.0" 200 648 "-" "msnbot/1.0 (+http://search.msn.com/msnbot.htm)"
207.46.98.141 - - [25/Apr/2005:02:08:40 +0200] "GET /robots.txt HTTP/1.0" 404 286 "-" "msnbot/1.0 (+http://search.msn.com/msnbot.htm)"
207.46.98.141 - - [25/Apr/2005:02:08:40 +0200] "GET / HTTP/1.0" 200 648 "-" "msnbot/1.0 (+http://search.msn.com/msnbot.htm)"
207.46.98.141 - - [25/Apr/2005:04:08:43 +0200] "GET /robots.txt HTTP/1.0" 404 286 "-" "msnbot/1.0 (+http://search.msn.com/msnbot.htm)"
207.46.98.141 - - [25/Apr/2005:04:08:44 +0200] "GET / HTTP/1.0" 200 648 "-" "msnbot/1.0 (+http://search.msn.com/msnbot.htm)"
66.249.64.16 - - [25/Apr/2005:05:29:43 +0200] "GET /robots.txt HTTP/1.0" 404 286 "-" "Googlebot/2.1 (+http://www.google.com/bot.html)"
66.249.64.16 - - [25/Apr/2005:05:29:43 +0200] "GET / HTTP/1.0" 200 648 "-" "Googlebot/2.1 (+http://www.google.com/bot.html)"
207.46.98.141 - - [25/Apr/2005:13:32:36 +0200] "GET /robots.txt HTTP/1.0" 404 286 "-" "msnbot/1.0 (+http://search.msn.com/msnbot.htm)"
207.46.98.141 - - [25/Apr/2005:13:32:37 +0200] "GET / HTTP/1.0" 200 648 "-" "msnbot/1.0 (+http://search.msn.com/msnbot.htm)"
207.46.98.141 - - [25/Apr/2005:17:48:56 +0200] "GET /robots.txt HTTP/1.0" 404 286 "-" "msnbot/1.0 (+http://search.msn.com/msnbot.htm)"
207.46.98.141 - - [25/Apr/2005:17:48:56 +0200] "GET / HTTP/1.0" 200 648 "-" "msnbot/1.0 (+http://search.msn.com/msnbot.htm)"
207.46.98.141 - - [25/Apr/2005:20:30:11 +0200] "GET /robots.txt HTTP/1.0" 404 286 "-" "msnbot/1.0 (+http://search.msn.com/msnbot.htm)"
207.46.98.141 - - [25/Apr/2005:20:30:11 +0200] "GET / HTTP/1.0" 200 648 "-" "msnbot/1.0 (+http://search.msn.com/msnbot.htm)"
207.46.98.141 - - [26/Apr/2005:01:01:44 +0200] "GET /robots.txt HTTP/1.0" 404 286 "-" "msnbot/1.0 (+http://search.msn.com/msnbot.htm)"
207.46.98.141 - - [26/Apr/2005:01:01:44 +0200] "GET / HTTP/1.0" 200 648 "-" "msnbot/1.0 (+http://search.msn.com/msnbot.htm)"
66.249.71.18 - - [26/Apr/2005:02:44:59 +0200] "GET /robots.txt HTTP/1.0" 404 286 "-" "Googlebot/2.1 (+http://www.google.com/bot.html)"
66.249.71.18 - - [26/Apr/2005:02:45:00 +0200] "GET / HTTP/1.0" 200 648 "-" "Googlebot/2.1 (+http://www.google.com/bot.html)"
66.249.71.69 - - [26/Apr/2005:03:15:20 +0200] "GET /logs/ HTTP/1.0" 200 780 "-" "Googlebot/2.1 (+http://www.google.com/bot.html)"
207.46.98.141 - - [26/Apr/2005:03:41:05 +0200] "GET /robots.txt HTTP/1.0" 404 286 "-" "msnbot/1.0 (+http://search.msn.com/msnbot.htm)"
207.46.98.141 - - [26/Apr/2005:03:41:05 +0200] "GET / HTTP/1.0" 200 648 "-" "msnbot/1.0 (+http://search.msn.com/msnbot.htm)"
66.249.64.33 - - [26/Apr/2005:04:01:49 +0200] "GET /logs/error_log HTTP/1.0" 200 3082 "-" "Googlebot/2.1 (+http://www.google.com/bot.html)"
66.249.71.7 - - [26/Apr/2005:05:01:12 +0200] "GET /robots.txt HTTP/1.0" 404 286 "-" "Googlebot/2.1 (+http://www.google.com/bot.html)"
66.249.71.7 - - [26/Apr/2005:05:01:13 +0200] "GET / HTTP/1.0" 200 648 "-" "Googlebot/2.1 (+http://www.google.com/bot.html)"
66.249.71.28 - - [26/Apr/2005:05:10:35 +0200] "GET /logs/access_log HTTP/1.0" 200 14234 "-" "Googlebot/2.1 (+http://www.google.com/bot.html)"
207.46.98.141 - - [26/Apr/2005:08:43:07 +0200] "GET /robots.txt HTTP/1.0" 404 286 "-" "msnbot/1.0 (+http://search.msn.com/msnbot.htm)"
207.46.98.141 - - [26/Apr/2005:08:43:08 +0200] "GET / HTTP/1.0" 200 648 "-" "msnbot/1.0 (+http://search.msn.com/msnbot.htm)"
207.68.146.63 - - [26/Apr/2005:09:05:58 +0200] "GET /robots.txt HTTP/1.0" 404 286 "-" "msnbot/1.0 (+http://search.msn.com/msnbot.htm)"
207.68.146.63 - - [26/Apr/2005:09:05:58 +0200] "GET / HTTP/1.0" 200 648 "-" "msnbot/1.0 (+http://search.msn.com/msnbot.htm)"
207.46.98.141 - - [26/Apr/2005:12:51:03 +0200] "GET / HTTP/1.0" 200 648 "-" "msnbot/1.0 (+http://search.msn.com/msnbot.htm)"
66.249.64.54 - - [27/Apr/2005:06:22:43 +0200] "GET /robots.txt HTTP/1.0" 404 286 "-" "Googlebot/2.1 (+http://www.google.com/bot.html)"
66.249.64.54 - - [27/Apr/2005:06:22:43 +0200] "GET / HTTP/1.0" 200 648 "-" "Googlebot/2.1 (+http://www.google.com/bot.html)"
66.249.71.55 - - [27/Apr/2005:06:37:14 +0200] "GET / HTTP/1.0" 200 648 "-" "Googlebot/2.1 (+http://www.google.com/bot.html)"
84.222.166.55 - - [27/Apr/2005:08:37:55 +0200] "GET / HTTP/1.1" 200 660 "http://www.comites-it.org/" "Mozilla/4.0 (compatible; MSIE 6.0; Windows NT 5.1; SV1)"
84.222.166.55 - - [27/Apr/2005:08:37:55 +0200] "GET /icons/blank.gif HTTP/1.1" 200 148 "http://washington.comites-it.org/" "Mozilla/4.0 (compatible; MSIE 6.0; Windows NT 5.1; SV1)"
84.222.166.55 - - [27/Apr/2005:08:37:56 +0200] "GET /icons/folder.gif HTTP/1.1" 200 225 "http://washington.comites-it.org/" "Mozilla/4.0 (compatible; MSIE 6.0; Windows NT 5.1; SV1)"
84.222.166.55 - - [27/Apr/2005:08:37:56 +0200] "GET /icons/back.gif HTTP/1.1" 200 216 "http://washington.comites-it.org/" "Mozilla/4.0 (compatible; MSIE 6.0; Windows NT 5.1; SV1)"
84.222.166.55 - - [27/Apr/2005:08:37:56 +0200] "GET /favicon.ico HTTP/1.1" 404 299 "-" "-"
207.46.98.141 - - [27/Apr/2005:12:50:47 +0200] "GET /robots.txt HTTP/1.0" 404 286 "-" "msnbot/1.0 (+http://search.msn.com/msnbot.htm)"
207.46.98.141 - - [27/Apr/2005:12:50:47 +0200] "GET / HTTP/1.0" 200 648 "-" "msnbot/1.0 (+http://search.msn.com/msnbot.htm)"
24.107.18.244 - - [27/Apr/2005:15:33:05 +0200] "GET / HTTP/1.1" 200 660 "http://texas.comites-it.org/verbali.htm" "Mozilla/4.0 (compatible; MSIE 6.0; Windows NT 5.1; SV1; ieZoom.com)"
24.107.18.244 - - [27/Apr/2005:15:33:05 +0200] "GET /icons/blank.gif HTTP/1.1" 200 148 "http://washington.comites-it.org/" "Mozilla/4.0 (compatible; MSIE 6.0; Windows NT 5.1; SV1; ieZoom.com)"
24.107.18.244 - - [27/Apr/2005:15:33:05 +0200] "GET /icons/back.gif HTTP/1.1" 200 216 "http://washington.comites-it.org/" "Mozilla/4.0 (compatible; MSIE 6.0; Windows NT 5.1; SV1; ieZoom.com)"
24.107.18.244 - - [27/Apr/2005:15:33:05 +0200] "GET /icons/folder.gif HTTP/1.1" 200 225 "http://washington.comites-it.org/" "Mozilla/4.0 (compatible; MSIE 6.0; Windows NT 5.1; SV1; ieZoom.com)"
207.46.98.141 - - [27/Apr/2005:17:38:12 +0200] "GET /robots.txt HTTP/1.0" 404 286 "-" "msnbot/1.0 (+http://search.msn.com/msnbot.htm)"
207.46.98.141 - - [27/Apr/2005:17:38:12 +0200] "GET / HTTP/1.0" 200 648 "-" "msnbot/1.0 (+http://search.msn.com/msnbot.htm)"
207.46.98.141 - - [27/Apr/2005:22:20:42 +0200] "GET / HTTP/1.0" 200 648 "-" "msnbot/1.0 (+http://search.msn.com/msnbot.htm)"
207.46.98.141 - - [28/Apr/2005:02:46:13 +0200] "GET /robots.txt HTTP/1.0" 404 286 "-" "msnbot/1.0 (+http://search.msn.com/msnbot.htm)"
207.46.98.141 - - [28/Apr/2005:02:46:14 +0200] "GET / HTTP/1.0" 200 648 "-" "msnbot/1.0 (+http://search.msn.com/msnbot.htm)"
66.249.71.1 - - [28/Apr/2005:05:29:00 +0200] "GET /robots.txt HTTP/1.0" 404 286 "-" "Googlebot/2.1 (+http://www.google.com/bot.html)"
66.249.71.1 - - [28/Apr/2005:05:29:00 +0200] "GET / HTTP/1.0" 200 648 "-" "Googlebot/2.1 (+http://www.google.com/bot.html)"
207.46.98.141 - - [28/Apr/2005:07:15:54 +0200] "GET /robots.txt HTTP/1.0" 404 286 "-" "msnbot/1.0 (+http://search.msn.com/msnbot.htm)"
207.46.98.141 - - [28/Apr/2005:07:15:54 +0200] "GET / HTTP/1.0" 200 648 "-" "msnbot/1.0 (+http://search.msn.com/msnbot.htm)"
207.46.98.141 - - [28/Apr/2005:11:58:13 +0200] "GET /robots.txt HTTP/1.0" 404 286 "-" "msnbot/1.0 (+http://search.msn.com/msnbot.htm)"
207.46.98.141 - - [28/Apr/2005:11:58:13 +0200] "GET / HTTP/1.0" 200 648 "-" "msnbot/1.0 (+http://search.msn.com/msnbot.htm)"
80.116.108.188 - - [28/Apr/2005:12:01:06 +0200] "GET / HTTP/1.1" 200 660 "http://www.comites-it.org/" "Mozilla/5.0 (Macintosh; U; PPC Mac OS X; it-it) AppleWebKit/312.1 (KHTML, like Gecko) Safari/312"
80.116.108.188 - - [28/Apr/2005:12:01:06 +0200] "GET /icons/blank.gif HTTP/1.1" 200 148 "http://washington.comites-it.org/" "Mozilla/5.0 (Macintosh; U; PPC Mac OS X; it-it) AppleWebKit/312.1 (KHTML, like Gecko) Safari/312"
80.116.108.188 - - [28/Apr/2005:12:01:06 +0200] "GET /icons/folder.gif HTTP/1.1" 200 225 "http://washington.comites-it.org/" "Mozilla/5.0 (Macintosh; U; PPC Mac OS X; it-it) AppleWebKit/312.1 (KHTML, like Gecko) Safari/312"
80.116.108.188 - - [28/Apr/2005:12:01:06 +0200] "GET /icons/back.gif HTTP/1.1" 200 216 "http://washington.comites-it.org/" "Mozilla/5.0 (Macintosh; U; PPC Mac OS X; it-it) AppleWebKit/312.1 (KHTML, like Gecko) Safari/312"
80.116.108.188 - - [28/Apr/2005:12:01:07 +0200] "GET /favicon.ico HTTP/1.1" 404 299 "-" "Mozilla/5.0 (Macintosh; U; PPC Mac OS X; it-it) AppleWebKit/312.1 (KHTML, like Gecko) Safari/312"
80.116.108.188 - - [28/Apr/2005:12:07:51 +0200] "GET / HTTP/1.1" 200 660 "http://louisiana.comites-it.org/" "Mozilla/5.0 (Macintosh; U; PPC Mac OS X; it-it) AppleWebKit/312.1 (KHTML, like Gecko) Safari/312"
80.116.108.188 - - [28/Apr/2005:12:13:11 +0200] "GET / HTTP/1.1" 200 660 "http://texas.comites-it.org/" "Mozilla/5.0 (Macintosh; U; PPC Mac OS X; it-it) AppleWebKit/312.1 (KHTML, like Gecko) Safari/312"
207.46.98.141 - - [28/Apr/2005:19:49:45 +0200] "GET /robots.txt HTTP/1.0" 404 286 "-" "msnbot/1.0 (+http://search.msn.com/msnbot.htm)"
207.46.98.141 - - [28/Apr/2005:19:49:45 +0200] "GET / HTTP/1.0" 200 648 "-" "msnbot/1.0 (+http://search.msn.com/msnbot.htm)"
207.46.98.141 - - [29/Apr/2005:00:25:05 +0200] "GET /robots.txt HTTP/1.0" 404 286 "-" "msnbot/1.0 (+http://search.msn.com/msnbot.htm)"
207.46.98.141 - - [29/Apr/2005:00:25:05 +0200] "GET / HTTP/1.0" 200 648 "-" "msnbot/1.0 (+http://search.msn.com/msnbot.htm)"
207.46.98.141 - - [29/Apr/2005:01:40:24 +0200] "GET /robots.txt HTTP/1.0" 404 286 "-" "msnbot/1.0 (+http://search.msn.com/msnbot.htm)"
207.46.98.141 - - [29/Apr/2005:01:40:24 +0200] "GET / HTTP/1.0" 200 648 "-" "msnbot/1.0 (+http://search.msn.com/msnbot.htm)"
66.249.64.36 - - [29/Apr/2005:04:59:26 +0200] "GET /robots.txt HTTP/1.0" 404 286 "-" "Googlebot/2.1 (+http://www.google.com/bot.html)"
66.249.64.36 - - [29/Apr/2005:04:59:26 +0200] "GET / HTTP/1.0" 200 648 "-" "Googlebot/2.1 (+http://www.google.com/bot.html)"
207.46.98.141 - - [29/Apr/2005:06:27:37 +0200] "GET / HTTP/1.0" 200 648 "-" "msnbot/1.0 (+http://search.msn.com/msnbot.htm)"
207.46.98.141 - - [29/Apr/2005:10:34:43 +0200] "GET /robots.txt HTTP/1.0" 404 286 "-" "msnbot/1.0 (+http://search.msn.com/msnbot.htm)"
207.46.98.141 - - [29/Apr/2005:10:34:43 +0200] "GET / HTTP/1.0" 200 648 "-" "msnbot/1.0 (+http://search.msn.com/msnbot.htm)"
207.46.98.141 - - [29/Apr/2005:15:04:13 +0200] "GET /robots.txt HTTP/1.0" 404 286 "-" "msnbot/1.0 (+http://search.msn.com/msnbot.htm)"
207.46.98.141 - - [29/Apr/2005:15:04:14 +0200] "GET / HTTP/1.0" 200 648 "-" "msnbot/1.0 (+http://search.msn.com/msnbot.htm)"
207.46.98.141 - - [29/Apr/2005:19:38:04 +0200] "GET /robots.txt HTTP/1.0" 404 286 "-" "msnbot/1.0 (+http://search.msn.com/msnbot.htm)"
207.46.98.141 - - [29/Apr/2005:19:38:04 +0200] "GET / HTTP/1.0" 200 648 "-" "msnbot/1.0 (+http://search.msn.com/msnbot.htm)"
66.167.235.21 - - [29/Apr/2005:22:40:59 +0200] "GET / HTTP/1.1" 200 660 "http://www.comites-it.org/" "Mozilla/4.0 (compatible; MSIE 6.0; Windows NT 5.0)"
66.167.235.21 - - [29/Apr/2005:22:41:00 +0200] "GET /icons/folder.gif HTTP/1.1" 200 225 "http://washington.comites-it.org/" "Mozilla/4.0 (compatible; MSIE 6.0; Windows NT 5.0)"
66.167.235.21 - - [29/Apr/2005:22:41:00 +0200] "GET /icons/blank.gif HTTP/1.1" 200 148 "http://washington.comites-it.org/" "Mozilla/4.0 (compatible; MSIE 6.0; Windows NT 5.0)"
66.167.235.21 - - [29/Apr/2005:22:41:00 +0200] "GET /icons/back.gif HTTP/1.1" 200 216 "http://washington.comites-it.org/" "Mozilla/4.0 (compatible; MSIE 6.0; Windows NT 5.0)"
66.167.235.21 - - [29/Apr/2005:22:41:03 +0200] "GET / HTTP/1.1" 200 660 "http://washington.comites-it.org/" "Mozilla/4.0 (compatible; MSIE 6.0; Windows NT 5.0)"
66.167.235.21 - - [29/Apr/2005:22:41:11 +0200] "GET / HTTP/1.1" 200 660 "http://washington.comites-it.org/" "Mozilla/4.0 (compatible; MSIE 6.0; Windows NT 5.0)"
66.167.235.21 - - [29/Apr/2005:22:41:14 +0200] "GET /logs/ HTTP/1.1" 200 792 "http://washington.comites-it.org/" "Mozilla/4.0 (compatible; MSIE 6.0; Windows NT 5.0)"
66.167.235.21 - - [29/Apr/2005:22:41:14 +0200] "GET /icons/unknown.gif HTTP/1.1" 200 245 "http://washington.comites-it.org/logs/" "Mozilla/4.0 (compatible; MSIE 6.0; Windows NT 5.0)"
66.167.235.21 - - [29/Apr/2005:22:41:17 +0200] "GET /logs/access_log HTTP/1.1" 200 23410 "http://washington.comites-it.org/logs/" "Mozilla/4.0 (compatible; MSIE 6.0; Windows NT 5.0)"
66.249.64.13 - - [30/Apr/2005:06:09:45 +0200] "GET /robots.txt HTTP/1.0" 404 286 "-" "Googlebot/2.1 (+http://www.google.com/bot.html)"
66.249.64.13 - - [30/Apr/2005:06:09:45 +0200] "GET / HTTP/1.0" 200 648 "-" "Googlebot/2.1 (+http://www.google.com/bot.html)"
66.249.71.55 - - [30/Apr/2005:06:28:39 +0200] "GET / HTTP/1.0" 200 648 "-" "Googlebot/2.1 (+http://www.google.com/bot.html)"
207.46.98.141 - - [01/May/2005:04:26:56 +0200] "GET /robots.txt HTTP/1.0" 404 286 "-" "msnbot/1.0 (+http://search.msn.com/msnbot.htm)"
207.46.98.141 - - [01/May/2005:04:26:56 +0200] "GET / HTTP/1.0" 200 648 "-" "msnbot/1.0 (+http://search.msn.com/msnbot.htm)"
66.249.64.36 - - [01/May/2005:05:49:37 +0200] "GET /robots.txt HTTP/1.0" 404 286 "-" "Googlebot/2.1 (+http://www.google.com/bot.html)"
66.249.64.36 - - [01/May/2005:05:49:37 +0200] "GET / HTTP/1.0" 200 648 "-" "Googlebot/2.1 (+http://www.google.com/bot.html)"
207.46.98.141 - - [01/May/2005:08:59:10 +0200] "GET / HTTP/1.0" 200 648 "-" "msnbot/1.0 (+http://search.msn.com/msnbot.htm)"
207.46.98.141 - - [01/May/2005:14:18:16 +0200] "GET /robots.txt HTTP/1.0" 404 286 "-" "msnbot/1.0 (+http://search.msn.com/msnbot.htm)"
207.46.98.141 - - [01/May/2005:14:18:16 +0200] "GET / HTTP/1.0" 200 648 "-" "msnbot/1.0 (+http://search.msn.com/msnbot.htm)"
207.46.98.141 - - [01/May/2005:18:38:21 +0200] "GET / HTTP/1.0" 200 648 "-" "msnbot/1.0 (+http://search.msn.com/msnbot.htm)"
207.46.98.141 - - [01/May/2005:23:32:41 +0200] "GET /robots.txt HTTP/1.0" 404 286 "-" "msnbot/1.0 (+http://search.msn.com/msnbot.htm)"
207.46.98.141 - - [01/May/2005:23:32:41 +0200] "GET / HTTP/1.0" 200 648 "-" "msnbot/1.0 (+http://search.msn.com/msnbot.htm)"
207.46.98.141 - - [02/May/2005:04:05:09 +0200] "GET /robots.txt HTTP/1.0" 404 286 "-" "msnbot/1.0 (+http://search.msn.com/msnbot.htm)"
207.46.98.141 - - [02/May/2005:04:05:09 +0200] "GET / HTTP/1.0" 200 648 "-" "msnbot/1.0 (+http://search.msn.com/msnbot.htm)"
66.249.64.35 - - [02/May/2005:05:08:16 +0200] "GET /robots.txt HTTP/1.0" 404 286 "-" "Googlebot/2.1 (+http://www.google.com/bot.html)"
66.249.64.35 - - [02/May/2005:05:08:16 +0200] "GET / HTTP/1.0" 200 648 "-" "Googlebot/2.1 (+http://www.google.com/bot.html)"
207.46.98.141 - - [02/May/2005:08:40:18 +0200] "GET /robots.txt HTTP/1.0" 404 286 "-" "msnbot/1.0 (+http://search.msn.com/msnbot.htm)"
207.46.98.141 - - [02/May/2005:08:40:18 +0200] "GET / HTTP/1.0" 200 648 "-" "msnbot/1.0 (+http://search.msn.com/msnbot.htm)"
207.46.98.141 - - [02/May/2005:13:15:19 +0200] "GET /robots.txt HTTP/1.0" 404 286 "-" "msnbot/1.0 (+http://search.msn.com/msnbot.htm)"
207.46.98.141 - - [02/May/2005:13:15:19 +0200] "GET / HTTP/1.0" 200 648 "-" "msnbot/1.0 (+http://search.msn.com/msnbot.htm)"
207.46.98.141 - - [02/May/2005:17:39:23 +0200] "GET / HTTP/1.0" 200 648 "-" "msnbot/1.0 (+http://search.msn.com/msnbot.htm)"
66.249.71.10 - - [03/May/2005:06:11:55 +0200] "GET /robots.txt HTTP/1.0" 404 286 "-" "Googlebot/2.1 (+http://www.google.com/bot.html)"
66.249.71.10 - - [03/May/2005:06:11:56 +0200] "GET / HTTP/1.0" 200 648 "-" "Googlebot/2.1 (+http://www.google.com/bot.html)"
66.249.71.53 - - [03/May/2005:06:22:46 +0200] "GET / HTTP/1.0" 200 648 "-" "Googlebot/2.1 (+http://www.google.com/bot.html)"
68.23.43.77 - - [03/May/2005:07:02:03 +0200] "GET / HTTP/1.1" 200 660 "http://www.comites-it.org/" "Mozilla/4.0 (compatible; MSIE 6.0; Windows NT 5.1; SV1; YPC 3.0.1; .NET CLR 1.1.4322)"
68.23.43.77 - - [03/May/2005:07:02:03 +0200] "GET /icons/blank.gif HTTP/1.1" 200 148 "http://washington.comites-it.org/" "Mozilla/4.0 (compatible; MSIE 6.0; Windows NT 5.1; SV1; YPC 3.0.1; .NET CLR 1.1.4322)"
68.23.43.77 - - [03/May/2005:07:02:03 +0200] "GET /icons/folder.gif HTTP/1.1" 200 225 "http://washington.comites-it.org/" "Mozilla/4.0 (compatible; MSIE 6.0; Windows NT 5.1; SV1; YPC 3.0.1; .NET CLR 1.1.4322)"
68.23.43.77 - - [03/May/2005:07:02:03 +0200] "GET /icons/back.gif HTTP/1.1" 200 216 "http://washington.comites-it.org/" "Mozilla/4.0 (compatible; MSIE 6.0; Windows NT 5.1; SV1; YPC 3.0.1; .NET CLR 1.1.4322)"
207.46.98.141 - - [03/May/2005:18:21:11 +0200] "GET /robots.txt HTTP/1.0" 404 286 "-" "msnbot/1.0 (+http://search.msn.com/msnbot.htm)"
207.46.98.141 - - [03/May/2005:18:21:11 +0200] "GET / HTTP/1.0" 200 648 "-" "msnbot/1.0 (+http://search.msn.com/msnbot.htm)"
207.46.98.141 - - [03/May/2005:22:53:47 +0200] "GET /robots.txt HTTP/1.0" 404 286 "-" "msnbot/1.0 (+http://search.msn.com/msnbot.htm)"
207.46.98.141 - - [03/May/2005:22:53:47 +0200] "GET / HTTP/1.0" 200 648 "-" "msnbot/1.0 (+http://search.msn.com/msnbot.htm)"
207.46.98.141 - - [04/May/2005:01:21:25 +0200] "GET /robots.txt HTTP/1.0" 404 286 "-" "msnbot/1.0 (+http://search.msn.com/msnbot.htm)"
207.46.98.141 - - [04/May/2005:01:21:25 +0200] "GET / HTTP/1.0" 200 648 "-" "msnbot/1.0 (+http://search.msn.com/msnbot.htm)"
66.249.71.55 - - [04/May/2005:05:52:23 +0200] "GET /robots.txt HTTP/1.0" 404 286 "-" "Googlebot/2.1 (+http://www.google.com/bot.html)"
66.249.71.55 - - [04/May/2005:05:52:23 +0200] "GET / HTTP/1.0" 200 648 "-" "Googlebot/2.1 (+http://www.google.com/bot.html)"
207.46.98.141 - - [04/May/2005:06:05:08 +0200] "GET /robots.txt HTTP/1.0" 404 286 "-" "msnbot/1.0 (+http://search.msn.com/msnbot.htm)"
207.46.98.141 - - [04/May/2005:06:05:08 +0200] "GET / HTTP/1.0" 200 648 "-" "msnbot/1.0 (+http://search.msn.com/msnbot.htm)"
66.249.71.56 - - [04/May/2005:06:08:06 +0200] "GET / HTTP/1.0" 200 648 "-" "Googlebot/2.1 (+http://www.google.com/bot.html)"
207.46.98.141 - - [04/May/2005:10:55:21 +0200] "GET / HTTP/1.0" 200 648 "-" "msnbot/1.0 (+http://search.msn.com/msnbot.htm)"
207.46.98.141 - - [04/May/2005:15:40:05 +0200] "GET /robots.txt HTTP/1.0" 404 286 "-" "msnbot/1.0 (+http://search.msn.com/msnbot.htm)"
207.46.98.141 - - [04/May/2005:15:40:05 +0200] "GET / HTTP/1.0" 200 648 "-" "msnbot/1.0 (+http://search.msn.com/msnbot.htm)"
207.46.98.141 - - [05/May/2005:03:43:36 +0200] "GET /robots.txt HTTP/1.0" 404 286 "-" "msnbot/1.0 (+http://search.msn.com/msnbot.htm)"
207.46.98.141 - - [05/May/2005:03:43:36 +0200] "GET / HTTP/1.0" 200 648 "-" "msnbot/1.0 (+http://search.msn.com/msnbot.htm)"
66.249.64.77 - - [05/May/2005:07:08:30 +0200] "GET /robots.txt HTTP/1.0" 404 286 "-" "Googlebot/2.1 (+http://www.google.com/bot.html)"
66.249.64.77 - - [05/May/2005:07:08:30 +0200] "GET / HTTP/1.0" 200 648 "-" "Googlebot/2.1 (+http://www.google.com/bot.html)"
66.249.71.57 - - [05/May/2005:07:23:53 +0200] "GET / HTTP/1.0" 200 648 "-" "Googlebot/2.1 (+http://www.google.com/bot.html)"
207.46.98.141 - - [05/May/2005:08:33:59 +0200] "GET /robots.txt HTTP/1.0" 404 286 "-" "msnbot/1.0 (+http://search.msn.com/msnbot.htm)"
207.46.98.141 - - [05/May/2005:08:33:59 +0200] "GET / HTTP/1.0" 200 648 "-" "msnbot/1.0 (+http://search.msn.com/msnbot.htm)"
207.46.98.141 - - [05/May/2005:11:14:47 +0200] "GET /robots.txt HTTP/1.0" 404 286 "-" "msnbot/1.0 (+http://search.msn.com/msnbot.htm)"
207.46.98.141 - - [05/May/2005:11:14:47 +0200] "GET / HTTP/1.0" 200 648 "-" "msnbot/1.0 (+http://search.msn.com/msnbot.htm)"
207.46.98.141 - - [05/May/2005:17:02:51 +0200] "GET /robots.txt HTTP/1.0" 404 286 "-" "msnbot/1.0 (+http://search.msn.com/msnbot.htm)"
207.46.98.141 - - [05/May/2005:17:02:51 +0200] "GET / HTTP/1.0" 200 648 "-" "msnbot/1.0 (+http://search.msn.com/msnbot.htm)"
85.35.44.245 - - [05/May/2005:18:54:29 +0200] "GET / HTTP/1.1" 200 660 "http://www.comites-it.org/" "Mozilla/4.0 (compatible; MSIE 6.0; Windows NT 5.1)"
85.35.44.245 - - [05/May/2005:18:54:29 +0200] "GET /icons/blank.gif HTTP/1.1" 200 148 "http://washington.comites-it.org/" "Mozilla/4.0 (compatible; MSIE 6.0; Windows NT 5.1)"
85.35.44.245 - - [05/May/2005:18:54:29 +0200] "GET /icons/folder.gif HTTP/1.1" 200 225 "http://washington.comites-it.org/" "Mozilla/4.0 (compatible; MSIE 6.0; Windows NT 5.1)"
85.35.44.245 - - [05/May/2005:18:54:29 +0200] "GET /icons/back.gif HTTP/1.1" 200 216 "http://washington.comites-it.org/" "Mozilla/4.0 (compatible; MSIE 6.0; Windows NT 5.1)"
207.46.98.141 - - [05/May/2005:21:43:09 +0200] "GET / HTTP/1.0" 200 648 "-" "msnbot/1.0 (+http://search.msn.com/msnbot.htm)"
207.46.98.141 - - [06/May/2005:02:17:01 +0200] "GET /robots.txt HTTP/1.0" 404 286 "-" "msnbot/1.0 (+http://search.msn.com/msnbot.htm)"
207.46.98.141 - - [06/May/2005:02:17:01 +0200] "GET / HTTP/1.0" 200 648 "-" "msnbot/1.0 (+http://search.msn.com/msnbot.htm)"
66.249.71.50 - - [06/May/2005:05:56:54 +0200] "GET /robots.txt HTTP/1.0" 404 286 "-" "Googlebot/2.1 (+http://www.google.com/bot.html)"
66.249.71.50 - - [06/May/2005:05:56:54 +0200] "GET / HTTP/1.0" 200 648 "-" "Googlebot/2.1 (+http://www.google.com/bot.html)"
80.180.108.161 - - [06/May/2005:06:25:22 +0200] "GET / HTTP/1.1" 200 660 "http://www.comites-it.org/" "WebCopier v4.2"
66.249.64.13 - - [07/May/2005:06:05:24 +0200] "GET /robots.txt HTTP/1.0" 404 286 "-" "Googlebot/2.1 (+http://www.google.com/bot.html)"
66.249.64.13 - - [07/May/2005:06:05:24 +0200] "GET / HTTP/1.0" 200 648 "-" "Googlebot/2.1 (+http://www.google.com/bot.html)"
67.175.253.147 - - [07/May/2005:23:46:19 +0200] "GET / HTTP/1.1" 200 660 "http://texas.comites-it.org/" "Mozilla/4.0 (compatible; MSIE 6.0; Windows NT 5.1; SV1; YPC 3.0.1; .NET CLR 1.1.4322)"
67.175.253.147 - - [07/May/2005:23:46:19 +0200] "GET /icons/blank.gif HTTP/1.1" 200 148 "http://washington.comites-it.org/" "Mozilla/4.0 (compatible; MSIE 6.0; Windows NT 5.1; SV1; YPC 3.0.1; .NET CLR 1.1.4322)"
67.175.253.147 - - [07/May/2005:23:46:19 +0200] "GET /icons/folder.gif HTTP/1.1" 200 225 "http://washington.comites-it.org/" "Mozilla/4.0 (compatible; MSIE 6.0; Windows NT 5.1; SV1; YPC 3.0.1; .NET CLR 1.1.4322)"
67.175.253.147 - - [07/May/2005:23:46:19 +0200] "GET /icons/back.gif HTTP/1.1" 200 216 "http://washington.comites-it.org/" "Mozilla/4.0 (compatible; MSIE 6.0; Windows NT 5.1; SV1; YPC 3.0.1; .NET CLR 1.1.4322)"
67.175.253.147 - - [07/May/2005:23:57:11 +0200] "GET / HTTP/1.1" 200 660 "http://www.comites-it.org/" "Mozilla/4.0 (compatible; MSIE 6.0; Windows NT 5.1; SV1; YPC 3.0.1; .NET CLR 1.1.4322)"
67.175.253.147 - - [07/May/2005:23:57:12 +0200] "GET /icons/blank.gif HTTP/1.1" 304 - "http://washington.comites-it.org/" "Mozilla/4.0 (compatible; MSIE 6.0; Windows NT 5.1; SV1; YPC 3.0.1; .NET CLR 1.1.4322)"
67.175.253.147 - - [07/May/2005:23:57:12 +0200] "GET /icons/folder.gif HTTP/1.1" 304 - "http://washington.comites-it.org/" "Mozilla/4.0 (compatible; MSIE 6.0; Windows NT 5.1; SV1; YPC 3.0.1; .NET CLR 1.1.4322)"
67.175.253.147 - - [07/May/2005:23:57:12 +0200] "GET /icons/back.gif HTTP/1.1" 304 - "http://washington.comites-it.org/" "Mozilla/4.0 (compatible; MSIE 6.0; Windows NT 5.1; SV1; YPC 3.0.1; .NET CLR 1.1.4322)"
67.175.253.147 - - [07/May/2005:23:57:45 +0200] "GET / HTTP/1.1" 200 660 "http://louisiana.comites-it.org/" "Mozilla/4.0 (compatible; MSIE 6.0; Windows NT 5.1; SV1; YPC 3.0.1; .NET CLR 1.1.4322)"
66.249.64.27 - - [08/May/2005:05:28:06 +0200] "GET /robots.txt HTTP/1.0" 404 286 "-" "Googlebot/2.1 (+http://www.google.com/bot.html)"
66.249.64.27 - - [08/May/2005:05:28:07 +0200] "GET / HTTP/1.0" 200 648 "-" "Googlebot/2.1 (+http://www.google.com/bot.html)"
207.46.98.141 - - [08/May/2005:07:53:48 +0200] "GET /robots.txt HTTP/1.0" 404 286 "-" "msnbot/1.0 (+http://search.msn.com/msnbot.htm)"
207.46.98.141 - - [08/May/2005:07:53:49 +0200] "GET / HTTP/1.0" 200 648 "-" "msnbot/1.0 (+http://search.msn.com/msnbot.htm)"
207.46.98.141 - - [08/May/2005:12:24:49 +0200] "GET /robots.txt HTTP/1.0" 404 286 "-" "msnbot/1.0 (+http://search.msn.com/msnbot.htm)"
207.46.98.141 - - [08/May/2005:12:24:49 +0200] "GET / HTTP/1.0" 200 648 "-" "msnbot/1.0 (+http://search.msn.com/msnbot.htm)"
207.46.98.141 - - [08/May/2005:17:04:21 +0200] "GET /robots.txt HTTP/1.0" 404 286 "-" "msnbot/1.0 (+http://search.msn.com/msnbot.htm)"
207.46.98.141 - - [08/May/2005:17:04:21 +0200] "GET / HTTP/1.0" 200 648 "-" "msnbot/1.0 (+http://search.msn.com/msnbot.htm)"
64.242.88.10 - - [08/May/2005:19:46:46 +0200] "GET /robots.txt HTTP/1.1" 404 298 "-" "Mozilla/4.0 compatible ZyBorg/1.0 (wn-14.zyborg@looksmart.net; http://www.WISEnutbot.com)"
207.46.98.141 - - [08/May/2005:21:20:55 +0200] "GET / HTTP/1.0" 200 648 "-" "msnbot/1.0 (+http://search.msn.com/msnbot.htm)"
207.46.98.141 - - [09/May/2005:01:35:49 +0200] "GET /robots.txt HTTP/1.0" 404 286 "-" "msnbot/1.0 (+http://search.msn.com/msnbot.htm)"
207.46.98.141 - - [09/May/2005:01:35:49 +0200] "GET / HTTP/1.0" 200 648 "-" "msnbot/1.0 (+http://search.msn.com/msnbot.htm)"
66.249.71.57 - - [09/May/2005:05:38:19 +0200] "GET /robots.txt HTTP/1.0" 404 286 "-" "Googlebot/2.1 (+http://www.google.com/bot.html)"
66.249.71.57 - - [09/May/2005:05:38:19 +0200] "GET / HTTP/1.0" 200 648 "-" "Googlebot/2.1 (+http://www.google.com/bot.html)"
207.46.98.141 - - [09/May/2005:05:54:39 +0200] "GET /robots.txt HTTP/1.0" 404 286 "-" "msnbot/1.0 (+http://search.msn.com/msnbot.htm)"
207.46.98.141 - - [09/May/2005:05:54:39 +0200] "GET / HTTP/1.0" 200 648 "-" "msnbot/1.0 (+http://search.msn.com/msnbot.htm)"
66.249.64.66 - - [09/May/2005:10:04:16 +0200] "GET /robots.txt HTTP/1.0" 404 286 "-" "Googlebot/2.1 (+http://www.google.com/bot.html)"
66.249.64.66 - - [09/May/2005:10:04:17 +0200] "GET /logs/access_log HTTP/1.0" 200 36670 "-" "Googlebot/2.1 (+http://www.google.com/bot.html)"
66.249.64.33 - - [09/May/2005:10:36:13 +0200] "GET /logs/error_log HTTP/1.0" 200 10035 "-" "Googlebot/2.1 (+http://www.google.com/bot.html)"
66.249.71.70 - - [09/May/2005:10:36:55 +0200] "GET /logs/ HTTP/1.0" 200 780 "-" "Googlebot/2.1 (+http://www.google.com/bot.html)"
66.249.71.67 - - [09/May/2005:21:48:29 +0200] "GET / HTTP/1.0" 200 648 "-" "Googlebot/2.1 (+http://www.google.com/bot.html)"
66.249.64.36 - - [10/May/2005:05:11:33 +0200] "GET /robots.txt HTTP/1.0" 404 286 "-" "Googlebot/2.1 (+http://www.google.com/bot.html)"
66.249.64.36 - - [10/May/2005:05:11:40 +0200] "GET / HTTP/1.0" 200 648 "-" "Googlebot/2.1 (+http://www.google.com/bot.html)"
66.249.64.77 - - [10/May/2005:08:22:18 +0200] "GET /logs/ HTTP/1.0" 200 780 "-" "Googlebot/2.1 (+http://www.google.com/bot.html)"
66.249.64.16 - - [10/May/2005:09:13:14 +0200] "GET /logs/access_log HTTP/1.0" 200 37598 "-" "Googlebot/2.1 (+http://www.google.com/bot.html)"
66.249.71.42 - - [10/May/2005:09:23:15 +0200] "GET /logs/error_log HTTP/1.0" 200 10168 "-" "Googlebot/2.1 (+http://www.google.com/bot.html)"
207.46.98.141 - - [10/May/2005:09:54:58 +0200] "GET /robots.txt HTTP/1.0" 404 286 "-" "msnbot/1.0 (+http://search.msn.com/msnbot.htm)"
207.46.98.141 - - [10/May/2005:09:54:58 +0200] "GET / HTTP/1.0" 200 648 "-" "msnbot/1.0 (+http://search.msn.com/msnbot.htm)"
68.96.7.63 - - [11/May/2005:02:26:12 +0200] "GET / HTTP/1.1" 200 660 "http://houston.comites-it.org/lavoro.htm" "Mozilla/4.0 (compatible; MSIE 6.0; Windows NT 5.1)"
68.96.7.63 - - [11/May/2005:02:26:12 +0200] "GET /icons/blank.gif HTTP/1.1" 200 148 "http://washington.comites-it.org/" "Mozilla/4.0 (compatible; MSIE 6.0; Windows NT 5.1)"
68.96.7.63 - - [11/May/2005:02:26:12 +0200] "GET /icons/folder.gif HTTP/1.1" 200 225 "http://washington.comites-it.org/" "Mozilla/4.0 (compatible; MSIE 6.0; Windows NT 5.1)"
68.96.7.63 - - [11/May/2005:02:26:12 +0200] "GET /icons/back.gif HTTP/1.1" 200 216 "http://washington.comites-it.org/" "Mozilla/4.0 (compatible; MSIE 6.0; Windows NT 5.1)"
68.96.7.63 - - [11/May/2005:02:26:16 +0200] "GET /?M=A HTTP/1.1" 200 660 "http://washington.comites-it.org/" "Mozilla/4.0 (compatible; MSIE 6.0; Windows NT 5.1)"
207.46.98.140 - - [11/May/2005:04:50:13 +0200] "GET /robots.txt HTTP/1.0" 404 286 "-" "msnbot/1.0 (+http://search.msn.com/msnbot.htm)"
207.46.98.140 - - [11/May/2005:04:50:13 +0200] "GET / HTTP/1.0" 200 648 "-" "msnbot/1.0 (+http://search.msn.com/msnbot.htm)"
66.249.64.52 - - [11/May/2005:05:07:27 +0200] "GET /robots.txt HTTP/1.0" 404 286 "-" "Googlebot/2.1 (+http://www.google.com/bot.html)"
66.249.64.52 - - [11/May/2005:05:07:27 +0200] "GET / HTTP/1.0" 200 648 "-" "Googlebot/2.1 (+http://www.google.com/bot.html)"
66.249.71.56 - - [11/May/2005:07:37:51 +0200] "GET /logs/ HTTP/1.0" 200 780 "-" "Googlebot/2.1 (+http://www.google.com/bot.html)"
66.249.64.77 - - [11/May/2005:08:14:49 +0200] "GET /logs/error_log HTTP/1.0" 200 10569 "-" "Googlebot/2.1 (+http://www.google.com/bot.html)"
66.249.71.47 - - [11/May/2005:08:22:25 +0200] "GET /logs/access_log HTTP/1.0" 200 39778 "-" "Googlebot/2.1 (+http://www.google.com/bot.html)"
66.249.64.35 - - [11/May/2005:08:29:04 +0200] "GET /logs/access_log HTTP/1.0" 200 39920 "-" "Googlebot/2.1 (+http://www.google.com/bot.html)"
207.46.98.140 - - [11/May/2005:11:02:08 +0200] "GET /robots.txt HTTP/1.0" 404 286 "-" "msnbot/1.0 (+http://search.msn.com/msnbot.htm)"
207.46.98.140 - - [11/May/2005:11:02:08 +0200] "GET / HTTP/1.0" 200 648 "-" "msnbot/1.0 (+http://search.msn.com/msnbot.htm)"
207.46.98.140 - - [11/May/2005:17:09:05 +0200] "GET /robots.txt HTTP/1.0" 404 286 "-" "msnbot/1.0 (+http://search.msn.com/msnbot.htm)"
207.46.98.140 - - [11/May/2005:17:09:05 +0200] "GET / HTTP/1.0" 200 648 "-" "msnbot/1.0 (+http://search.msn.com/msnbot.htm)"
207.46.98.140 - - [11/May/2005:22:36:23 +0200] "GET /robots.txt HTTP/1.0" 404 286 "-" "msnbot/1.0 (+http://search.msn.com/msnbot.htm)"
207.46.98.140 - - [11/May/2005:22:36:24 +0200] "GET / HTTP/1.0" 200 648 "-" "msnbot/1.0 (+http://search.msn.com/msnbot.htm)"
66.249.71.14 - - [12/May/2005:05:24:27 +0200] "GET /robots.txt HTTP/1.0" 404 286 "-" "Googlebot/2.1 (+http://www.google.com/bot.html)"
66.249.71.14 - - [12/May/2005:05:24:27 +0200] "GET / HTTP/1.0" 200 648 "-" "Googlebot/2.1 (+http://www.google.com/bot.html)"
66.249.64.36 - - [12/May/2005:07:03:34 +0200] "GET /logs/ HTTP/1.0" 200 780 "-" "Googlebot/2.1 (+http://www.google.com/bot.html)"
66.249.71.50 - - [12/May/2005:07:47:52 +0200] "GET /logs/error_log HTTP/1.0" 200 11104 "-" "Googlebot/2.1 (+http://www.google.com/bot.html)"
66.249.64.44 - - [12/May/2005:08:08:19 +0200] "GET /logs/access_log HTTP/1.0" 200 41373 "-" "Googlebot/2.1 (+http://www.google.com/bot.html)"
207.46.98.140 - - [12/May/2005:12:01:57 +0200] "GET /robots.txt HTTP/1.0" 404 286 "-" "msnbot/1.0 (+http://search.msn.com/msnbot.htm)"
207.46.98.140 - - [12/May/2005:12:01:57 +0200] "GET / HTTP/1.0" 200 648 "-" "msnbot/1.0 (+http://search.msn.com/msnbot.htm)"
207.46.98.140 - - [12/May/2005:16:51:02 +0200] "GET /robots.txt HTTP/1.0" 404 286 "-" "msnbot/1.0 (+http://search.msn.com/msnbot.htm)"
207.46.98.140 - - [12/May/2005:16:51:02 +0200] "GET / HTTP/1.0" 200 648 "-" "msnbot/1.0 (+http://search.msn.com/msnbot.htm)"
207.46.98.140 - - [12/May/2005:21:26:45 +0200] "GET /robots.txt HTTP/1.0" 404 286 "-" "msnbot/1.0 (+http://search.msn.com/msnbot.htm)"
207.46.98.140 - - [12/May/2005:21:26:45 +0200] "GET / HTTP/1.0" 200 648 "-" "msnbot/1.0 (+http://search.msn.com/msnbot.htm)"
64.62.168.71 - - [12/May/2005:23:30:33 +0200] "GET /robots.txt HTTP/1.0" 404 286 "-" "Gigabot/2.0"
64.62.168.5 - - [12/May/2005:23:30:33 +0200] "GET / HTTP/1.0" 200 648 "-" "Gigabot/2.0"
207.46.98.140 - - [13/May/2005:03:27:09 +0200] "GET /robots.txt HTTP/1.0" 404 286 "-" "msnbot/1.0 (+http://search.msn.com/msnbot.htm)"
207.46.98.140 - - [13/May/2005:03:27:09 +0200] "GET / HTTP/1.0" 200 648 "-" "msnbot/1.0 (+http://search.msn.com/msnbot.htm)"
66.249.71.14 - - [13/May/2005:05:46:09 +0200] "GET /robots.txt HTTP/1.0" 404 286 "-" "Googlebot/2.1 (+http://www.google.com/bot.html)"
66.249.71.14 - - [13/May/2005:05:46:09 +0200] "GET / HTTP/1.0" 200 648 "-" "Googlebot/2.1 (+http://www.google.com/bot.html)"
207.46.98.140 - - [13/May/2005:07:39:24 +0200] "GET /robots.txt HTTP/1.0" 404 286 "-" "msnbot/1.0 (+http://search.msn.com/msnbot.htm)"
207.46.98.140 - - [13/May/2005:07:39:24 +0200] "GET / HTTP/1.0" 200 648 "-" "msnbot/1.0 (+http://search.msn.com/msnbot.htm)"
66.249.64.77 - - [13/May/2005:08:05:29 +0200] "GET /logs/ HTTP/1.0" 200 780 "-" "Googlebot/2.1 (+http://www.google.com/bot.html)"
66.249.64.54 - - [13/May/2005:10:13:49 +0200] "GET /logs/access_log HTTP/1.0" 200 43392 "-" "Googlebot/2.1 (+http://www.google.com/bot.html)"
66.249.64.7 - - [13/May/2005:10:27:13 +0200] "GET /logs/error_log HTTP/1.0" 200 12040 "-" "Googlebot/2.1 (+http://www.google.com/bot.html)"
66.249.71.9 - - [14/May/2005:05:11:23 +0200] "GET /robots.txt HTTP/1.0" 404 286 "-" "Googlebot/2.1 (+http://www.google.com/bot.html)"
66.249.71.9 - - [14/May/2005:05:11:24 +0200] "GET / HTTP/1.0" 200 648 "-" "Googlebot/2.1 (+http://www.google.com/bot.html)"
66.249.64.35 - - [14/May/2005:06:55:14 +0200] "GET /logs/ HTTP/1.0" 200 780 "-" "Googlebot/2.1 (+http://www.google.com/bot.html)"
82.54.194.95 - - [14/May/2005:08:04:14 +0200] "GET / HTTP/1.1" 200 660 "http://www.comites-it.org/" "Mozilla/4.0 (compatible; MSIE 6.0; Windows 98)"
82.54.194.95 - - [14/May/2005:08:04:14 +0200] "GET /icons/blank.gif HTTP/1.1" 200 148 "http://washington.comites-it.org/" "Mozilla/4.0 (compatible; MSIE 6.0; Windows 98)"
82.54.194.95 - - [14/May/2005:08:04:14 +0200] "GET /icons/back.gif HTTP/1.1" 200 216 "http://washington.comites-it.org/" "Mozilla/4.0 (compatible; MSIE 6.0; Windows 98)"
82.54.194.95 - - [14/May/2005:08:04:14 +0200] "GET /icons/folder.gif HTTP/1.1" 200 225 "http://washington.comites-it.org/" "Mozilla/4.0 (compatible; MSIE 6.0; Windows 98)"
66.249.64.13 - - [14/May/2005:08:08:40 +0200] "GET /logs/access_log HTTP/1.0" 200 44724 "-" "Googlebot/2.1 (+http://www.google.com/bot.html)"
66.249.64.16 - - [14/May/2005:08:10:17 +0200] "GET /logs/error_log HTTP/1.0" 200 12172 "-" "Googlebot/2.1 (+http://www.google.com/bot.html)"
66.249.64.14 - - [14/May/2005:08:20:06 +0200] "GET /logs/error_log HTTP/1.0" 200 12172 "-" "Googlebot/2.1 (+http://www.google.com/bot.html)"
64.242.88.10 - - [15/May/2005:04:46:42 +0200] "GET /robots.txt HTTP/1.1" 404 298 "-" "Mozilla/4.0 compatible ZyBorg/1.0 (wn-14.zyborg@looksmart.net; http://www.WISEnutbot.com)"
66.249.64.14 - - [15/May/2005:05:11:32 +0200] "GET /robots.txt HTTP/1.0" 404 286 "-" "Googlebot/2.1 (+http://www.google.com/bot.html)"
66.249.64.14 - - [15/May/2005:05:11:32 +0200] "GET / HTTP/1.0" 200 648 "-" "Googlebot/2.1 (+http://www.google.com/bot.html)"
66.249.71.9 - - [15/May/2005:07:40:46 +0200] "GET /logs/ HTTP/1.0" 200 780 "-" "Googlebot/2.1 (+http://www.google.com/bot.html)"
66.249.71.50 - - [15/May/2005:08:11:08 +0200] "GET /logs/access_log HTTP/1.0" 200 45714 "-" "Googlebot/2.1 (+http://www.google.com/bot.html)"
66.249.64.14 - - [15/May/2005:08:52:19 +0200] "GET /logs/error_log HTTP/1.0" 200 12438 "-" "Googlebot/2.1 (+http://www.google.com/bot.html)"
195.210.89.30 - - [16/May/2005:01:45:07 +0200] "GET / HTTP/1.1" 200 660 "-" "libwww-perl/5.65"
207.46.98.140 - - [16/May/2005:01:51:41 +0200] "GET /robots.txt HTTP/1.0" 404 286 "-" "msnbot/1.0 (+http://search.msn.com/msnbot.htm)"
207.46.98.140 - - [16/May/2005:01:51:41 +0200] "GET / HTTP/1.0" 200 648 "-" "msnbot/1.0 (+http://search.msn.com/msnbot.htm)"
207.46.98.140 - - [16/May/2005:07:15:03 +0200] "GET /robots.txt HTTP/1.0" 404 286 "-" "msnbot/1.0 (+http://search.msn.com/msnbot.htm)"
207.46.98.140 - - [16/May/2005:07:15:03 +0200] "GET / HTTP/1.0" 200 648 "-" "msnbot/1.0 (+http://search.msn.com/msnbot.htm)"
207.46.98.140 - - [16/May/2005:12:31:59 +0200] "GET /robots.txt HTTP/1.0" 404 286 "-" "msnbot/1.0 (+http://search.msn.com/msnbot.htm)"
207.46.98.140 - - [16/May/2005:12:31:59 +0200] "GET / HTTP/1.0" 200 648 "-" "msnbot/1.0 (+http://search.msn.com/msnbot.htm)"
207.46.98.140 - - [16/May/2005:17:53:44 +0200] "GET /robots.txt HTTP/1.0" 404 286 "-" "msnbot/1.0 (+http://search.msn.com/msnbot.htm)"
207.46.98.140 - - [16/May/2005:17:53:44 +0200] "GET / HTTP/1.0" 200 648 "-" "msnbot/1.0 (+http://search.msn.com/msnbot.htm)"
150.148.218.189 - - [16/May/2005:22:44:05 +0200] "GET / HTTP/1.0" 200 648 "http://www.comites-it.org/" "Mozilla/4.0 (compatible; MSIE 6.0; Windows NT 5.0; H010818)"
150.148.218.189 - - [16/May/2005:22:44:05 +0200] "GET /icons/blank.gif HTTP/1.0" 200 148 "http://washington.comites-it.org/" "Mozilla/4.0 (compatible; MSIE 6.0; Windows NT 5.0; H010818)"
150.148.218.189 - - [16/May/2005:22:44:05 +0200] "GET /icons/back.gif HTTP/1.0" 200 216 "http://washington.comites-it.org/" "Mozilla/4.0 (compatible; MSIE 6.0; Windows NT 5.0; H010818)"
150.148.218.189 - - [16/May/2005:22:44:05 +0200] "GET /icons/folder.gif HTTP/1.0" 200 225 "http://washington.comites-it.org/" "Mozilla/4.0 (compatible; MSIE 6.0; Windows NT 5.0; H010818)"
150.148.218.189 - - [16/May/2005:22:44:16 +0200] "GET /logs/ HTTP/1.0" 200 780 "http://washington.comites-it.org/" "Mozilla/4.0 (compatible; MSIE 6.0; Windows NT 5.0; H010818)"
150.148.218.189 - - [16/May/2005:22:44:16 +0200] "GET /icons/unknown.gif HTTP/1.0" 200 245 "http://washington.comites-it.org/logs/" "Mozilla/4.0 (compatible; MSIE 6.0; Windows NT 5.0; H010818)"
150.148.218.189 - - [16/May/2005:22:44:18 +0200] "GET /logs/access_log HTTP/1.0" 200 48229 "http://washington.comites-it.org/logs/" "Mozilla/4.0 (compatible; MSIE 6.0; Windows NT 5.0; H010818)"
84.222.72.102 - - [16/May/2005:23:18:26 +0200] "GET / HTTP/1.0" 200 648 "http://www.comites-it.org/" "Mozilla/4.0 (compatible; MSIE 6.0; Windows NT 5.1; SV1; .NET CLR 1.1.4322)"
207.46.98.140 - - [16/May/2005:23:37:08 +0200] "GET / HTTP/1.0" 200 648 "-" "msnbot/1.0 (+http://search.msn.com/msnbot.htm)"
64.242.88.10 - - [17/May/2005:04:17:30 +0200] "GET / HTTP/1.1" 200 660 "-" "Mozilla/4.0 compatible ZyBorg/1.0 (wn-14.zyborg@looksmart.net; http://www.WISEnutbot.com)"
141.156.252.17 - - [17/May/2005:14:21:55 +0200] "GET / HTTP/1.1" 200 660 "http://www.comites-it.org/" "Mozilla/4.0 (compatible; MSIE 6.0; Windows NT 5.1; SV1; .NET CLR 1.1.4322)"
141.156.252.17 - - [17/May/2005:14:21:55 +0200] "GET /icons/blank.gif HTTP/1.1" 200 148 "http://washington.comites-it.org/" "Mozilla/4.0 (compatible; MSIE 6.0; Windows NT 5.1; SV1; .NET CLR 1.1.4322)"
141.156.252.17 - - [17/May/2005:14:21:55 +0200] "GET /icons/back.gif HTTP/1.1" 200 216 "http://washington.comites-it.org/" "Mozilla/4.0 (compatible; MSIE 6.0; Windows NT 5.1; SV1; .NET CLR 1.1.4322)"
141.156.252.17 - - [17/May/2005:14:21:55 +0200] "GET /icons/folder.gif HTTP/1.1" 200 225 "http://washington.comites-it.org/" "Mozilla/4.0 (compatible; MSIE 6.0; Windows NT 5.1; SV1; .NET CLR 1.1.4322)"
141.156.252.17 - - [17/May/2005:14:21:57 +0200] "GET / HTTP/1.1" 200 660 "http://washington.comites-it.org/" "Mozilla/4.0 (compatible; MSIE 6.0; Windows NT 5.1; SV1; .NET CLR 1.1.4322)"
207.46.98.140 - - [17/May/2005:16:26:00 +0200] "GET /robots.txt HTTP/1.0" 404 286 "-" "msnbot/1.0 (+http://search.msn.com/msnbot.htm)"
